Last updated on 2025-10-21 17:50:08 CEST.
Flavor | Version | Tinstall | Tcheck | Ttotal | Status | Flags |
---|---|---|---|---|---|---|
r-devel-linux-x86_64-debian-clang | 0.1.6 | 7.57 | 107.88 | 115.45 | NOTE | |
r-devel-linux-x86_64-debian-gcc | 0.1.6 | 5.57 | 77.73 | 83.30 | NOTE | |
r-devel-linux-x86_64-fedora-clang | 0.1.6 | 41.00 | 144.08 | 185.08 | NOTE | |
r-devel-linux-x86_64-fedora-gcc | 0.1.6 | 17.00 | 155.23 | 172.23 | NOTE | |
r-devel-windows-x86_64 | 0.1.6 | 9.00 | 115.00 | 124.00 | NOTE | |
r-patched-linux-x86_64 | 0.1.6 | 7.27 | 107.46 | 114.73 | NOTE | |
r-release-linux-x86_64 | 0.1.6 | 6.59 | 106.66 | 113.25 | NOTE | |
r-release-macos-arm64 | 0.1.6 | 3.00 | 48.00 | 51.00 | NOTE | |
r-release-macos-x86_64 | 0.1.6 | 5.00 | 87.00 | 92.00 | OK | |
r-release-windows-x86_64 | 0.1.6 | 11.00 | 114.00 | 125.00 | NOTE | |
r-oldrel-macos-arm64 | 0.1.6 | 3.00 | 56.00 | 59.00 | OK | |
r-oldrel-macos-x86_64 | 0.1.6 | 6.00 | 99.00 | 105.00 | OK | |
r-oldrel-windows-x86_64 | 0.1.6 | 12.00 | 149.00 | 161.00 | OK |
Version: 0.1.6
Check: DESCRIPTION meta-information
Result: NOTE
Missing dependency on R >= 4.1.0 because package code uses the pipe
|> or function shorthand \(...) syntax added in R 4.1.0.
File(s) using such syntax:
‘compute_pfi.Rd’ ‘plot_pc_directions.Rd’ ‘prep_testing_data.Rd’
‘prep_training_data.Rd’
Flavors: r-devel-linux-x86_64-debian-clang, r-devel-linux-x86_64-debian-gcc, r-devel-linux-x86_64-fedora-clang, r-devel-linux-x86_64-fedora-gcc, r-devel-windows-x86_64, r-patched-linux-x86_64, r-release-linux-x86_64, r-release-macos-arm64, r-release-windows-x86_64