Last updated on 2025-10-21 11:53:44 CEST.
Flavor | Version | Tinstall | Tcheck | Ttotal | Status | Flags |
---|---|---|---|---|---|---|
r-devel-linux-x86_64-debian-clang | 0.6.1 | 4.51 | 54.34 | 58.85 | NOTE | |
r-devel-linux-x86_64-debian-gcc | 0.6.1 | 3.59 | 41.10 | 44.69 | NOTE | |
r-devel-linux-x86_64-fedora-clang | 0.6.1 | 92.51 | OK | |||
r-devel-linux-x86_64-fedora-gcc | 0.6.1 | 11.00 | 86.02 | 97.02 | OK | |
r-devel-windows-x86_64 | 0.6.1 | 10.00 | 80.00 | 90.00 | OK | |
r-patched-linux-x86_64 | 0.6.1 | 6.67 | 50.06 | 56.73 | OK | |
r-release-linux-x86_64 | 0.6.1 | 4.72 | 49.80 | 54.52 | OK | |
r-release-macos-arm64 | 0.6.1 | 38.00 | OK | |||
r-release-macos-x86_64 | 0.6.1 | 5.00 | 67.00 | 72.00 | OK | |
r-release-windows-x86_64 | 0.6.1 | 10.00 | 82.00 | 92.00 | OK | |
r-oldrel-macos-arm64 | 0.6.1 | 36.00 | OK | |||
r-oldrel-macos-x86_64 | 0.6.1 | 58.00 | OK | |||
r-oldrel-windows-x86_64 | 0.6.1 | 12.00 | 96.00 | 108.00 | OK |
Version: 0.6.1
Check: CRAN incoming feasibility
Result: NOTE
Maintainer: ‘Bob Rudis <bob@rudis.net>’
Found the following (possibly) invalid file URI:
URI: CONDUCT.md
From: README.md
Flavors: r-devel-linux-x86_64-debian-clang, r-devel-linux-x86_64-debian-gcc
Version: 0.6.1
Check: HTML version of manual
Result: NOTE
Found the following HTML validation problems:
config_color.html:60:1 (config_color.Rd:19): Warning: missing </ul> before </div>
config_font.html:63:1 (config_font.Rd:20): Warning: missing </ul> before </div>
config_opacity.html:59:1 (config_opacity.Rd:18): Warning: missing </ul> before </div>
config_stroke.html:68:1 (config_stroke.Rd:23): Warning: missing </ul> before </div>
filter_null.html:52:1 (filter_null.Rd:14): Warning: missing </ul> before </div>
legend_color.html:74:1 (legend_color.Rd:27): Warning: missing </ul> before </div>
legend_shape.html:74:1 (legend_shape.Rd:27): Warning: missing </ul> before </div>
legend_size.html:74:1 (legend_size.Rd:27): Warning: missing </ul> before </div>
renderVegalite.html:54:1 (renderVegalite.Rd:14): Warning: missing </ul> before </div>
vegaliteOutput.html:50:1 (vegaliteOutput.Rd:12): Warning: missing </ul> before </div>
Flavors: r-devel-linux-x86_64-debian-clang, r-devel-linux-x86_64-debian-gcc