CRAN Package Check Results for Package vegdata

Last updated on 2025-10-21 11:53:44 CEST.

Flavor Version Tinstall Tcheck Ttotal Status Flags
r-devel-linux-x86_64-debian-clang 0.9.12 7.44 60.54 67.98 ERROR
r-devel-linux-x86_64-debian-gcc 0.9.12 5.80 45.24 51.04 ERROR
r-devel-linux-x86_64-fedora-clang 0.9.12 109.68 ERROR
r-devel-linux-x86_64-fedora-gcc 0.9.12 16.00 96.19 112.19 ERROR
r-devel-windows-x86_64 0.9.12 10.00 77.00 87.00 ERROR
r-patched-linux-x86_64 0.9.12 7.74 57.76 65.50 ERROR
r-release-linux-x86_64 0.9.12 7.71 57.25 64.96 ERROR
r-release-macos-arm64 0.9.12 71.00 OK
r-release-macos-x86_64 0.9.12 7.00 122.00 129.00 OK
r-release-windows-x86_64 0.9.12 9.00 78.00 87.00 ERROR
r-oldrel-macos-arm64 0.9.12 71.00 OK
r-oldrel-macos-x86_64 0.9.12 161.00 OK
r-oldrel-windows-x86_64 0.9.12 13.00 94.00 107.00 ERROR

Check Details

Version: 0.9.12
Check: CRAN incoming feasibility
Result: NOTE Maintainer: ‘Florian Jansen <florian.jansen@uni-rostock.de>’ No Authors@R field in DESCRIPTION. Please add one, modifying Authors@R: person(given = "Florian", family = "Jansen", role = c("aut", "cre"), email = "florian.jansen@uni-rostock.de") as necessary. Flavors: r-devel-linux-x86_64-debian-clang, r-devel-linux-x86_64-debian-gcc

Version: 0.9.12
Check: re-building of vignette outputs
Result: ERROR Error(s) in re-building vignettes: ... --- re-building ‘vegdata.Rnw’ using knitr Quitting from vegdata.Rnw:141-143 [tax] ~~~~~~~~~~~~~~~~~~~~~~~~~~~~~~~~~~~~~~~~~~~~~~~~~~~~~~~~~~~~~~~~~~~~~~~~~~~~~~~~ <error/rlang_error> Error in `load.taxlist()`: ! Reference list file /home/hornik/tmp/scratch/RtmpWLGUHP/Species/GermanSL 1.5/species.dbf does not exist. --- Backtrace: x 1. \-vegdata::tax("Quercus robur") 2. \-vegdata:::load.taxlist(refl, detailed = detailed) ~~~~~~~~~~~~~~~~~~~~~~~~~~~~~~~~~~~~~~~~~~~~~~~~~~~~~~~~~~~~~~~~~~~~~~~~~~~~~~~~ Error: processing vignette 'vegdata.Rnw' failed with diagnostics: Reference list file /home/hornik/tmp/scratch/RtmpWLGUHP/Species/GermanSL 1.5/species.dbf does not exist. --- failed re-building ‘vegdata.Rnw’ SUMMARY: processing the following file failed: ‘vegdata.Rnw’ Error: Vignette re-building failed. Execution halted Flavor: r-devel-linux-x86_64-debian-clang

Version: 0.9.12
Check: HTML version of manual
Result: NOTE Found the following HTML validation problems: TV.replace.html:46:1 (TV.replace.Rd:10): Warning: missing </ul> before </div> comb.species.html:58:1 (comb.species.Rd:16): Warning: missing </ul> before </div> db_path.html:46:1 (db_path.Rd:10): Warning: missing </ul> before </div> parse.taxa.html:50:1 (parse.taxa.Rd:12): Warning: missing </ul> before </div> recode.species.html:58:1 (recode.species.Rd:18): Warning: missing </ul> before </div> taxname.removeAuthors.html:50:1 (taxname.removeAuthors.Rd:12): Warning: missing </ul> before </div> tv.refl.html:54:1 (tv.refl.Rd:14): Warning: missing </ul> before </div> Flavors: r-devel-linux-x86_64-debian-clang, r-devel-linux-x86_64-debian-gcc

Version: 0.9.12
Check: re-building of vignette outputs
Result: ERROR Error(s) in re-building vignettes: ... --- re-building ‘vegdata.Rnw’ using knitr Quitting from vegdata.Rnw:141-143 [tax] ~~~~~~~~~~~~~~~~~~~~~~~~~~~~~~~~~~~~~~~~~~~~~~~~~~~~~~~~~~~~~~~~~~~~~~~~~~~~~~~~ <error/rlang_error> Error in `load.taxlist()`: ! Reference list file /tmp/Rtmp7J8CU0/Species/GermanSL 1.5/species.dbf does not exist. --- Backtrace: x 1. \-vegdata::tax("Quercus robur") 2. \-vegdata:::load.taxlist(refl, detailed = detailed) ~~~~~~~~~~~~~~~~~~~~~~~~~~~~~~~~~~~~~~~~~~~~~~~~~~~~~~~~~~~~~~~~~~~~~~~~~~~~~~~~ Error: processing vignette 'vegdata.Rnw' failed with diagnostics: Reference list file /tmp/Rtmp7J8CU0/Species/GermanSL 1.5/species.dbf does not exist. --- failed re-building ‘vegdata.Rnw’ SUMMARY: processing the following file failed: ‘vegdata.Rnw’ Error: Vignette re-building failed. Execution halted Flavor: r-devel-linux-x86_64-debian-gcc

Version: 0.9.12
Check: re-building of vignette outputs
Result: ERROR Error(s) in re-building vignettes: --- re-building ‘vegdata.Rnw’ using knitr Quitting from vegdata.Rnw:141-143 [tax] ~~~~~~~~~~~~~~~~~~~~~~~~~~~~~~~~~~~~~~~~~~~~~~~~~~~~~~~~~~~~~~~~~~~~~~~~~~~~~~~~ <error/rlang_error> Error in `load.taxlist()`: ! Reference list file /tmp/RtmpdKeZvQ/working_dir/Rtmpxha9Mg/Species/GermanSL 1.5/species.dbf does not exist. --- Backtrace: x 1. \-vegdata::tax("Quercus robur") 2. \-vegdata:::load.taxlist(refl, detailed = detailed) ~~~~~~~~~~~~~~~~~~~~~~~~~~~~~~~~~~~~~~~~~~~~~~~~~~~~~~~~~~~~~~~~~~~~~~~~~~~~~~~~ Error: processing vignette 'vegdata.Rnw' failed with diagnostics: Reference list file /tmp/RtmpdKeZvQ/working_dir/Rtmpxha9Mg/Species/GermanSL 1.5/species.dbf does not exist. --- failed re-building ‘vegdata.Rnw’ SUMMARY: processing the following file failed: ‘vegdata.Rnw’ Error: Vignette re-building failed. Execution halted Flavor: r-devel-linux-x86_64-fedora-clang

Version: 0.9.12
Check: re-building of vignette outputs
Result: ERROR Error(s) in re-building vignettes: --- re-building ‘vegdata.Rnw’ using knitr Quitting from vegdata.Rnw:141-143 [tax] ~~~~~~~~~~~~~~~~~~~~~~~~~~~~~~~~~~~~~~~~~~~~~~~~~~~~~~~~~~~~~~~~~~~~~~~~~~~~~~~~ <error/rlang_error> Error in `load.taxlist()`: ! Reference list file /tmp/Rtmp0FkSlS/working_dir/Rtmpu46KSk/Species/GermanSL 1.5/species.dbf does not exist. --- Backtrace: x 1. \-vegdata::tax("Quercus robur") 2. \-vegdata:::load.taxlist(refl, detailed = detailed) ~~~~~~~~~~~~~~~~~~~~~~~~~~~~~~~~~~~~~~~~~~~~~~~~~~~~~~~~~~~~~~~~~~~~~~~~~~~~~~~~ Error: processing vignette 'vegdata.Rnw' failed with diagnostics: Reference list file /tmp/Rtmp0FkSlS/working_dir/Rtmpu46KSk/Species/GermanSL 1.5/species.dbf does not exist. --- failed re-building ‘vegdata.Rnw’ SUMMARY: processing the following file failed: ‘vegdata.Rnw’ Error: Vignette re-building failed. Execution halted Flavor: r-devel-linux-x86_64-fedora-gcc

Version: 0.9.12
Check: re-building of vignette outputs
Result: ERROR Error(s) in re-building vignettes: --- re-building 'vegdata.Rnw' using knitr Quitting from vegdata.Rnw:141-143 [tax] ~~~~~~~~~~~~~~~~~~~~~~~~~~~~~~~~~~~~~~~~~~~~~~~~~~~~~~~~~~~~~~~~~~~~~~~~~~~~~~~~ <error/rlang_error> Error in `load.taxlist()`: ! Reference list file D:\temp\2025_10_14_01_50_00_4128\Rtmp0e6qyM/species/GermanSL 1.5/species.dbf does not exist. --- Backtrace: x 1. \-vegdata::tax("Quercus robur") 2. \-vegdata:::load.taxlist(refl, detailed = detailed) ~~~~~~~~~~~~~~~~~~~~~~~~~~~~~~~~~~~~~~~~~~~~~~~~~~~~~~~~~~~~~~~~~~~~~~~~~~~~~~~~ Error: processing vignette 'vegdata.Rnw' failed with diagnostics: Reference list file D:\temp\2025_10_14_01_50_00_4128\Rtmp0e6qyM/species/GermanSL 1.5/species.dbf does not exist. --- failed re-building 'vegdata.Rnw' SUMMARY: processing the following file failed: 'vegdata.Rnw' Error: Vignette re-building failed. Execution halted Flavor: r-devel-windows-x86_64

Version: 0.9.12
Check: re-building of vignette outputs
Result: ERROR Error(s) in re-building vignettes: ... --- re-building ‘vegdata.Rnw’ using knitr Quitting from vegdata.Rnw:141-143 [tax] ~~~~~~~~~~~~~~~~~~~~~~~~~~~~~~~~~~~~~~~~~~~~~~~~~~~~~~~~~~~~~~~~~~~~~~~~~~~~~~~~ <error/rlang_error> Error in `load.taxlist()`: ! Reference list file /home/hornik/tmp/scratch/Rtmp9MHFmZ/Species/GermanSL 1.5/species.dbf does not exist. --- Backtrace: x 1. \-vegdata::tax("Quercus robur") 2. \-vegdata:::load.taxlist(refl, detailed = detailed) ~~~~~~~~~~~~~~~~~~~~~~~~~~~~~~~~~~~~~~~~~~~~~~~~~~~~~~~~~~~~~~~~~~~~~~~~~~~~~~~~ Error: processing vignette 'vegdata.Rnw' failed with diagnostics: Reference list file /home/hornik/tmp/scratch/Rtmp9MHFmZ/Species/GermanSL 1.5/species.dbf does not exist. --- failed re-building ‘vegdata.Rnw’ SUMMARY: processing the following file failed: ‘vegdata.Rnw’ Error: Vignette re-building failed. Execution halted Flavor: r-patched-linux-x86_64

Version: 0.9.12
Check: re-building of vignette outputs
Result: ERROR Error(s) in re-building vignettes: ... --- re-building ‘vegdata.Rnw’ using knitr Quitting from vegdata.Rnw:141-143 [tax] ~~~~~~~~~~~~~~~~~~~~~~~~~~~~~~~~~~~~~~~~~~~~~~~~~~~~~~~~~~~~~~~~~~~~~~~~~~~~~~~~ <error/rlang_error> Error in `load.taxlist()`: ! Reference list file /home/hornik/tmp/scratch/RtmphgSXnX/Species/GermanSL 1.5/species.dbf does not exist. --- Backtrace: x 1. \-vegdata::tax("Quercus robur") 2. \-vegdata:::load.taxlist(refl, detailed = detailed) ~~~~~~~~~~~~~~~~~~~~~~~~~~~~~~~~~~~~~~~~~~~~~~~~~~~~~~~~~~~~~~~~~~~~~~~~~~~~~~~~ Error: processing vignette 'vegdata.Rnw' failed with diagnostics: Reference list file /home/hornik/tmp/scratch/RtmphgSXnX/Species/GermanSL 1.5/species.dbf does not exist. --- failed re-building ‘vegdata.Rnw’ SUMMARY: processing the following file failed: ‘vegdata.Rnw’ Error: Vignette re-building failed. Execution halted Flavor: r-release-linux-x86_64

Version: 0.9.12
Check: re-building of vignette outputs
Result: ERROR Error(s) in re-building vignettes: --- re-building 'vegdata.Rnw' using knitr Quitting from vegdata.Rnw:141-143 [tax] ~~~~~~~~~~~~~~~~~~~~~~~~~~~~~~~~~~~~~~~~~~~~~~~~~~~~~~~~~~~~~~~~~~~~~~~~~~~~~~~~ <error/rlang_error> Error in `load.taxlist()`: ! Reference list file D:\temp\2025_10_06_01_50_00_7952\RtmpuGX1He/species/GermanSL 1.5/species.dbf does not exist. --- Backtrace: x 1. \-vegdata::tax("Quercus robur") 2. \-vegdata:::load.taxlist(refl, detailed = detailed) ~~~~~~~~~~~~~~~~~~~~~~~~~~~~~~~~~~~~~~~~~~~~~~~~~~~~~~~~~~~~~~~~~~~~~~~~~~~~~~~~ Error: processing vignette 'vegdata.Rnw' failed with diagnostics: Reference list file D:\temp\2025_10_06_01_50_00_7952\RtmpuGX1He/species/GermanSL 1.5/species.dbf does not exist. --- failed re-building 'vegdata.Rnw' SUMMARY: processing the following file failed: 'vegdata.Rnw' Error: Vignette re-building failed. Execution halted Flavor: r-release-windows-x86_64

Version: 0.9.12
Check: re-building of vignette outputs
Result: ERROR Error(s) in re-building vignettes: --- re-building 'vegdata.Rnw' using knitr Quitting from vegdata.Rnw:141-143 [tax] ~~~~~~~~~~~~~~~~~~~~~~~~~~~~~~~~~~~~~~~~~~~~~~~~~~~~~~~~~~~~~~~~~~~~~~~~~~~~~~~~ <error/rlang_error> Error in `load.taxlist()`: ! Reference list file D:\temp\2025_10_13_09_54_11_13458\RtmpYpqtIf/species/GermanSL 1.5/species.dbf does not exist. --- Backtrace: x 1. \-vegdata::tax("Quercus robur") 2. \-vegdata:::load.taxlist(refl, detailed = detailed) ~~~~~~~~~~~~~~~~~~~~~~~~~~~~~~~~~~~~~~~~~~~~~~~~~~~~~~~~~~~~~~~~~~~~~~~~~~~~~~~~ Error: processing vignette 'vegdata.Rnw' failed with diagnostics: Reference list file D:\temp\2025_10_13_09_54_11_13458\RtmpYpqtIf/species/GermanSL 1.5/species.dbf does not exist. --- failed re-building 'vegdata.Rnw' SUMMARY: processing the following file failed: 'vegdata.Rnw' Error: Vignette re-building failed. Execution halted Flavor: r-oldrel-windows-x86_64