Last updated on 2025-10-24 11:51:03 CEST.
| Flavor | Version | Tinstall | Tcheck | Ttotal | Status | Flags |
|---|---|---|---|---|---|---|
| r-devel-linux-x86_64-debian-clang | 0.16.1 | 11.94 | 227.36 | 239.30 | OK | |
| r-devel-linux-x86_64-debian-gcc | 0.16.1 | 7.51 | 155.45 | 162.96 | OK | |
| r-devel-linux-x86_64-fedora-clang | 0.16.1 | 70.00 | 314.43 | 384.43 | NOTE | |
| r-devel-linux-x86_64-fedora-gcc | 0.16.1 | 24.00 | 339.46 | 363.46 | NOTE | |
| r-devel-windows-x86_64 | 0.16.1 | 12.00 | 214.00 | 226.00 | OK | |
| r-patched-linux-x86_64 | 0.16.1 | 11.98 | 212.19 | 224.17 | OK | |
| r-release-linux-x86_64 | 0.16.1 | 10.38 | 210.00 | 220.38 | OK | |
| r-release-macos-arm64 | 0.16.1 | 5.00 | 97.00 | 102.00 | OK | |
| r-release-macos-x86_64 | 0.16.1 | 11.00 | 195.00 | 206.00 | OK | |
| r-release-windows-x86_64 | 0.16.1 | 14.00 | 222.00 | 236.00 | OK | |
| r-oldrel-macos-arm64 | 0.16.1 | 5.00 | 94.00 | 99.00 | OK | |
| r-oldrel-macos-x86_64 | 0.16.1 | 11.00 | 177.00 | 188.00 | OK | |
| r-oldrel-windows-x86_64 | 0.16.1 | 21.00 | 277.00 | 298.00 | OK |
Version: 0.16.1
Check: dependencies in R code
Result: NOTE
Namespace in Imports field not imported from: ‘fst’
All declared Imports should be used.
Flavors: r-devel-linux-x86_64-fedora-clang, r-devel-linux-x86_64-fedora-gcc