Last updated on 2025-10-24 05:51:02 CEST.
| Flavor | Version | Tinstall | Tcheck | Ttotal | Status | Flags |
|---|---|---|---|---|---|---|
| r-devel-linux-x86_64-debian-clang | 2.1.4 | 8.75 | 68.23 | 76.98 | OK | |
| r-devel-linux-x86_64-debian-gcc | 2.1.4 | 6.76 | 48.16 | 54.92 | OK | |
| r-devel-linux-x86_64-fedora-clang | 2.1.4 | 52.00 | 73.84 | 125.84 | OK | |
| r-devel-linux-x86_64-fedora-gcc | 2.1.4 | 18.00 | 106.32 | 124.32 | OK | |
| r-devel-windows-x86_64 | 2.1.4 | 12.00 | 91.00 | 103.00 | OK | |
| r-patched-linux-x86_64 | 2.1.4 | 10.55 | 64.42 | 74.97 | OK | |
| r-release-linux-x86_64 | 2.1.4 | 7.84 | 64.36 | 72.20 | OK | |
| r-release-macos-arm64 | 2.1.4 | 4.00 | 39.00 | 43.00 | OK | |
| r-release-macos-x86_64 | 2.1.4 | 7.00 | 75.00 | 82.00 | OK | |
| r-release-windows-x86_64 | 2.1.4 | 13.00 | 95.00 | 108.00 | OK | |
| r-oldrel-macos-arm64 | 2.1.4 | 4.00 | 45.00 | 49.00 | NOTE | |
| r-oldrel-macos-x86_64 | 2.1.4 | 6.00 | 69.00 | 75.00 | NOTE | |
| r-oldrel-windows-x86_64 | 2.1.4 | 17.00 | 113.00 | 130.00 | NOTE |
Version: 2.1.4
Check: installed package size
Result: NOTE
installed size is 10.8Mb
sub-directories of 1Mb or more:
doc 2.0Mb
htmlwidgets 6.9Mb
Flavors: r-oldrel-macos-arm64, r-oldrel-macos-x86_64, r-oldrel-windows-x86_64