Last updated on 2025-10-21 11:53:44 CEST.
Flavor | Version | Tinstall | Tcheck | Ttotal | Status | Flags |
---|---|---|---|---|---|---|
r-devel-linux-x86_64-debian-clang | 0.8.1 | 6.96 | 79.66 | 86.62 | NOTE | |
r-devel-linux-x86_64-debian-gcc | 0.8.1 | 4.84 | 62.49 | 67.33 | NOTE | |
r-devel-linux-x86_64-fedora-clang | 0.8.1 | 137.06 | NOTE | |||
r-devel-linux-x86_64-fedora-gcc | 0.8.1 | 14.00 | 124.15 | 138.15 | NOTE | |
r-devel-windows-x86_64 | 0.8.1 | 7.00 | 87.00 | 94.00 | OK | |
r-patched-linux-x86_64 | 0.8.1 | 6.58 | 77.85 | 84.43 | OK | |
r-release-linux-x86_64 | 0.8.1 | 6.22 | 77.87 | 84.09 | OK | |
r-release-macos-arm64 | 0.8.1 | 52.00 | OK | |||
r-release-macos-x86_64 | 0.8.1 | 8.00 | 84.00 | 92.00 | OK | |
r-release-windows-x86_64 | 0.8.1 | 8.00 | 95.00 | 103.00 | OK | |
r-oldrel-macos-arm64 | 0.8.1 | 42.00 | OK | |||
r-oldrel-macos-x86_64 | 0.8.1 | 66.00 | OK | |||
r-oldrel-windows-x86_64 | 0.8.1 | 11.00 | 106.00 | 117.00 | OK |
Version: 0.8.1
Check: HTML version of manual
Result: NOTE
Found the following HTML validation problems:
l_node.html:54:1 (l_node.Rd:14): Warning: missing </ul> before </div>
makeTransparent.html:50:1 (makeTransparent.Rd:12): Warning: missing </ul> before </div>
minmax_mat.html:58:1 (minmax_mat.Rd:16): Warning: missing </ul> before </div>
path_node.html:50:1 (path_node.Rd:12): Warning: missing </ul> before </div>
plot_minmax.html:112:1 (plot_minmax.Rd:44): Warning: missing </ul> before </div>
ptree_criteria.html:54:1 (ptree_criteria.Rd:14): Warning: missing </ul> before </div>
ptree_left.html:50:1 (ptree_left.Rd:12): Warning: missing </ul> before </div>
ptree_right.html:50:1 (ptree_right.Rd:12): Warning: missing </ul> before </div>
ptree_y.html:50:1 (ptree_y.Rd:12): Warning: missing </ul> before </div>
trim.html:46:1 (trim.Rd:10): Warning: missing </ul> before </div>
Flavors: r-devel-linux-x86_64-debian-clang, r-devel-linux-x86_64-debian-gcc
Version: 0.8.1
Check: dependencies in R code
Result: NOTE
Namespace in Imports field not imported from: ‘rpart’
All declared Imports should be used.
Flavors: r-devel-linux-x86_64-fedora-clang, r-devel-linux-x86_64-fedora-gcc