Last updated on 2025-10-24 11:51:03 CEST.
| Flavor | Version | Tinstall | Tcheck | Ttotal | Status | Flags |
|---|---|---|---|---|---|---|
| r-devel-linux-x86_64-debian-clang | 1.2.4 | 6.39 | 96.57 | 102.96 | OK | |
| r-devel-linux-x86_64-debian-gcc | 1.2.4 | 6.71 | 69.02 | 75.73 | OK | |
| r-devel-linux-x86_64-fedora-clang | 1.2.4 | 38.00 | 134.52 | 172.52 | OK | |
| r-devel-linux-x86_64-fedora-gcc | 1.2.4 | 15.00 | 151.81 | 166.81 | OK | |
| r-devel-windows-x86_64 | 1.2.4 | 10.00 | 101.00 | 111.00 | OK | |
| r-patched-linux-x86_64 | 1.2.4 | 7.19 | 90.86 | 98.05 | OK | |
| r-release-linux-x86_64 | 1.2.4 | 7.27 | 91.01 | 98.28 | OK | |
| r-release-macos-arm64 | 1.2.4 | 3.00 | 48.00 | 51.00 | OK | |
| r-release-macos-x86_64 | 1.2.4 | 6.00 | 99.00 | 105.00 | OK | |
| r-release-windows-x86_64 | 1.2.4 | 9.00 | 101.00 | 110.00 | OK | |
| r-oldrel-macos-arm64 | 1.2.4 | 3.00 | 49.00 | 52.00 | NOTE | |
| r-oldrel-macos-x86_64 | 1.2.4 | 5.00 | 69.00 | 74.00 | NOTE | |
| r-oldrel-windows-x86_64 | 1.2.4 | 13.00 | 128.00 | 141.00 | NOTE |
Version: 1.2.4
Check: installed package size
Result: NOTE
installed size is 5.9Mb
sub-directories of 1Mb or more:
doc 5.5Mb
Flavors: r-oldrel-macos-arm64, r-oldrel-macos-x86_64, r-oldrel-windows-x86_64