Last updated on 2025-10-24 05:51:02 CEST.
| Flavor | Version | Tinstall | Tcheck | Ttotal | Status | Flags |
|---|---|---|---|---|---|---|
| r-devel-linux-x86_64-debian-clang | 0.2.1 | 5.65 | 96.76 | 102.41 | OK | |
| r-devel-linux-x86_64-debian-gcc | 0.2.1 | 4.21 | 73.43 | 77.64 | OK | |
| r-devel-linux-x86_64-fedora-clang | 0.2.1 | 32.00 | 130.66 | 162.66 | OK | |
| r-devel-linux-x86_64-fedora-gcc | 0.2.1 | 11.00 | 155.58 | 166.58 | OK | |
| r-devel-windows-x86_64 | 0.2.1 | 9.00 | 106.00 | 115.00 | OK | |
| r-patched-linux-x86_64 | 0.2.1 | 5.53 | 91.78 | 97.31 | OK | |
| r-release-linux-x86_64 | 0.2.1 | 4.23 | 92.05 | 96.28 | OK | |
| r-release-macos-arm64 | 0.2.1 | 2.00 | 55.00 | 57.00 | OK | |
| r-release-macos-x86_64 | 0.2.1 | 5.00 | 97.00 | 102.00 | OK | |
| r-release-windows-x86_64 | 0.2.1 | 8.00 | 106.00 | 114.00 | OK | |
| r-oldrel-macos-arm64 | 0.2.1 | 2.00 | 55.00 | 57.00 | NOTE | |
| r-oldrel-macos-x86_64 | 0.2.1 | 4.00 | 71.00 | 75.00 | NOTE | |
| r-oldrel-windows-x86_64 | 0.2.1 | 10.00 | 129.00 | 139.00 | NOTE |
Version: 0.2.1
Check: LazyData
Result: NOTE
'LazyData' is specified without a 'data' directory
Flavors: r-oldrel-macos-arm64, r-oldrel-macos-x86_64, r-oldrel-windows-x86_64