CRAN Package Check Results for Package voteogram

Last updated on 2025-10-22 11:51:31 CEST.

Flavor Version Tinstall Tcheck Ttotal Status Flags
r-devel-linux-x86_64-debian-clang 0.3.2 5.72 68.98 74.70 NOTE
r-devel-linux-x86_64-debian-gcc 0.3.2 4.53 49.79 54.32 NOTE
r-devel-linux-x86_64-fedora-clang 0.3.2 92.00 31.98 123.98 OK
r-devel-linux-x86_64-fedora-gcc 0.3.2 12.00 108.64 120.64 OK
r-devel-windows-x86_64 0.3.2 9.00 77.00 86.00 OK
r-patched-linux-x86_64 0.3.2 6.31 65.71 72.02 OK
r-release-linux-x86_64 0.3.2 5.64 64.61 70.25 OK
r-release-macos-arm64 0.3.2 2.00 32.00 34.00 OK
r-release-macos-x86_64 0.3.2 4.00 59.00 63.00 OK
r-release-windows-x86_64 0.3.2 8.00 77.00 85.00 OK
r-oldrel-macos-arm64 0.3.2 3.00 31.00 34.00 OK
r-oldrel-macos-x86_64 0.3.2 4.00 47.00 51.00 OK
r-oldrel-windows-x86_64 0.3.2 11.00 96.00 107.00 OK

Check Details

Version: 0.3.2
Check: HTML version of manual
Result: NOTE Found the following HTML validation problems: fortify.pprc.html:55:1 (fortify.pprc.Rd:14): Warning: missing </ul> before </div> print.pprc.html:51:1 (print.pprc.Rd:12): Warning: missing </ul> before </div> Flavors: r-devel-linux-x86_64-debian-clang, r-devel-linux-x86_64-debian-gcc