CRAN Package Check Results for Package vowels

Last updated on 2025-10-22 05:51:32 CEST.

Flavor Version Tinstall Tcheck Ttotal Status Flags
r-devel-linux-x86_64-debian-clang 1.2-2 2.91 26.67 29.58 NOTE
r-devel-linux-x86_64-debian-gcc 1.2-2 2.03 19.89 21.92 NOTE
r-devel-linux-x86_64-fedora-clang 1.2-2 30.00 15.92 45.92 NOTE
r-devel-linux-x86_64-fedora-gcc 1.2-2 40.52 NOTE
r-devel-windows-x86_64 1.2-2 3.00 41.00 44.00 NOTE
r-patched-linux-x86_64 1.2-2 2.93 24.89 27.82 NOTE
r-release-linux-x86_64 1.2-2 2.75 24.89 27.64 NOTE
r-release-macos-arm64 1.2-2 2.00 15.00 17.00 NOTE
r-release-macos-x86_64 1.2-2 4.00 34.00 38.00 NOTE
r-release-windows-x86_64 1.2-2 3.00 44.00 47.00 NOTE
r-oldrel-macos-arm64 1.2-2 1.00 14.00 15.00 NOTE
r-oldrel-macos-x86_64 1.2-2 4.00 30.00 34.00 NOTE
r-oldrel-windows-x86_64 1.2-2 3.00 42.00 45.00 NOTE

Check Details

Version: 1.2-2
Check: CRAN incoming feasibility
Result: NOTE Maintainer: ‘Tyler Kendall <tsk@uoregon.edu>’ No Authors@R field in DESCRIPTION. Please add one, modifying Authors@R: c(person(given = "Tyler", family = "Kendall", role = c("aut", "cre"), email = "tsk@uoregon.edu"), person(given = c("Erik", "R."), family = "Thomas", role = "aut")) as necessary. Flavors: r-devel-linux-x86_64-debian-clang, r-devel-linux-x86_64-debian-gcc

Version: 1.2-2
Check: Rd files
Result: NOTE checkRd: (-1) compute.means.Rd:23: Escaped LaTeX specials: \& checkRd: (-1) norm.wattfabricius.Rd:5: Escaped LaTeX specials: \& Flavors: r-devel-linux-x86_64-debian-clang, r-devel-linux-x86_64-debian-gcc, r-devel-linux-x86_64-fedora-clang, r-devel-linux-x86_64-fedora-gcc, r-devel-windows-x86_64, r-patched-linux-x86_64, r-release-linux-x86_64, r-release-macos-arm64, r-release-macos-x86_64, r-release-windows-x86_64, r-oldrel-macos-arm64, r-oldrel-macos-x86_64, r-oldrel-windows-x86_64