CRAN Package Check Results for Package vstsr

Last updated on 2025-10-25 00:49:54 CEST.

Flavor Version Tinstall Tcheck Ttotal Status Flags
r-devel-linux-x86_64-debian-clang 1.1.0 2.89 22.74 25.63 NOTE
r-devel-linux-x86_64-debian-gcc 1.1.0 1.83 18.25 20.08 NOTE
r-devel-linux-x86_64-fedora-clang 1.1.0 15.00 24.48 39.48 NOTE
r-devel-linux-x86_64-fedora-gcc 1.1.0 35.96 NOTE
r-devel-windows-x86_64 1.1.0 4.00 44.00 48.00 NOTE
r-patched-linux-x86_64 1.1.0 2.99 21.73 24.72 NOTE
r-release-linux-x86_64 1.1.0 2.71 21.28 23.99 NOTE
r-release-macos-arm64 1.1.0 2.00 17.00 19.00 NOTE
r-release-macos-x86_64 1.1.0 3.00 28.00 31.00 NOTE
r-release-windows-x86_64 1.1.0 5.00 46.00 51.00 NOTE
r-oldrel-macos-arm64 1.1.0 1.00 15.00 16.00 NOTE
r-oldrel-macos-x86_64 1.1.0 2.00 25.00 27.00 NOTE
r-oldrel-windows-x86_64 1.1.0 6.00 49.00 55.00 NOTE

Check Details

Version: 1.1.0
Check: Rd files
Result: NOTE checkRd: (-1) vsts_create_release.Rd:33: Lost braces in \itemize; meant \describe ? checkRd: (-1) vsts_create_release.Rd:34: Lost braces in \itemize; meant \describe ? Flavors: r-devel-linux-x86_64-debian-clang, r-devel-linux-x86_64-debian-gcc, r-devel-linux-x86_64-fedora-clang, r-devel-linux-x86_64-fedora-gcc, r-devel-windows-x86_64, r-patched-linux-x86_64, r-release-linux-x86_64, r-release-macos-arm64, r-release-macos-x86_64, r-release-windows-x86_64, r-oldrel-macos-arm64, r-oldrel-macos-x86_64, r-oldrel-windows-x86_64

Version: 1.1.0
Check: dependencies in R code
Result: NOTE Namespace in Imports field not imported from: ‘R6’ All declared Imports should be used. Flavors: r-devel-linux-x86_64-fedora-clang, r-devel-linux-x86_64-fedora-gcc