Last updated on 2025-10-25 06:50:00 CEST.
| Flavor | Version | Tinstall | Tcheck | Ttotal | Status | Flags |
|---|---|---|---|---|---|---|
| r-devel-linux-x86_64-debian-clang | 5.7.0 | 8.52 | 87.34 | 95.86 | NOTE | |
| r-devel-linux-x86_64-debian-gcc | 5.7.0 | 5.61 | 62.29 | 67.90 | NOTE | |
| r-devel-linux-x86_64-fedora-clang | 5.7.0 | 22.00 | 96.58 | 118.58 | NOTE | |
| r-devel-linux-x86_64-fedora-gcc | 5.7.0 | 48.00 | 120.76 | 168.76 | NOTE | |
| r-devel-windows-x86_64 | 5.7.0 | 11.00 | 92.00 | 103.00 | OK | |
| r-patched-linux-x86_64 | 5.7.0 | 9.94 | 82.73 | 92.67 | OK | |
| r-release-linux-x86_64 | 5.7.0 | 10.06 | 82.27 | 92.33 | OK | |
| r-release-macos-arm64 | 5.7.0 | 4.00 | 50.00 | 54.00 | OK | |
| r-release-macos-x86_64 | 5.7.0 | 14.00 | 96.00 | 110.00 | OK | |
| r-release-windows-x86_64 | 5.7.0 | 12.00 | 98.00 | 110.00 | OK | |
| r-oldrel-macos-arm64 | 5.7.0 | 4.00 | 53.00 | 57.00 | OK | |
| r-oldrel-macos-x86_64 | 5.7.0 | 10.00 | 92.00 | 102.00 | OK | |
| r-oldrel-windows-x86_64 | 5.7.0 | 15.00 | 114.00 | 129.00 | OK |
Version: 5.7.0
Check: Rd files
Result: NOTE
checkRd: (-1) vtree.Rd:506-510: Only 16 columns allowed in this table (row 1 has 14)
checkRd: (-1) vtree.Rd:506-510: Only 16 columns allowed in this table (row 2 has 14)
checkRd: (-1) vtree.Rd:506-510: Only 16 columns allowed in this table (row 3 has 14)
Flavors: r-devel-linux-x86_64-debian-clang, r-devel-linux-x86_64-debian-gcc, r-devel-linux-x86_64-fedora-clang, r-devel-linux-x86_64-fedora-gcc