Last updated on 2025-10-21 17:50:08 CEST.
Flavor | Version | Tinstall | Tcheck | Ttotal | Status | Flags |
---|---|---|---|---|---|---|
r-devel-linux-x86_64-debian-clang | 0.2.5.1 | 8.73 | 46.58 | 55.31 | NOTE | |
r-devel-linux-x86_64-debian-gcc | 0.2.5.1 | 4.79 | 35.16 | 39.95 | NOTE | |
r-devel-linux-x86_64-fedora-clang | 0.2.5.1 | 62.00 | 22.29 | 84.29 | NOTE | |
r-devel-linux-x86_64-fedora-gcc | 0.2.5.1 | 16.00 | 73.02 | 89.02 | NOTE | |
r-devel-windows-x86_64 | 0.2.5.1 | 9.00 | 63.00 | 72.00 | OK | |
r-patched-linux-x86_64 | 0.2.5.1 | 9.27 | 41.89 | 51.16 | OK | |
r-release-linux-x86_64 | 0.2.5.1 | 6.52 | 41.99 | 48.51 | OK | |
r-release-macos-arm64 | 0.2.5.1 | 4.00 | 28.00 | 32.00 | OK | |
r-release-macos-x86_64 | 0.2.5.1 | 7.00 | 51.00 | 58.00 | OK | |
r-release-windows-x86_64 | 0.2.5.1 | 10.00 | 65.00 | 75.00 | OK | |
r-oldrel-macos-arm64 | 0.2.5.1 | 3.00 | 33.00 | 36.00 | OK | |
r-oldrel-macos-x86_64 | 0.2.5.1 | 8.00 | 60.00 | 68.00 | OK | |
r-oldrel-windows-x86_64 | 0.2.5.1 | 14.00 | 76.00 | 90.00 | OK |
Version: 0.2.5.1
Check: HTML version of manual
Result: NOTE
Found the following HTML validation problems:
Attendant.html:440:1 (Attendant.Rd:250): Warning: missing </ul> before </div>
Attendant.html:140:1 (Attendant.Rd:71): Warning: <h5> anchor "Usage" already defined
Attendant.html:146:1 (Attendant.Rd:75): Warning: <h5> anchor "Arguments" already defined
Attendant.html:161:1 (Attendant.Rd:84): Warning: <h5> anchor "Details" already defined
Attendant.html:176:1 (Attendant.Rd:93): Warning: <h5> anchor "Usage" already defined
Attendant.html:182:1 (Attendant.Rd:97): Warning: <h5> anchor "Arguments" already defined
Attendant.html:197:1 (Attendant.Rd:106): Warning: <h5> anchor "Details" already defined
Attendant.html:212:1 (Attendant.Rd:115): Warning: <h5> anchor "Usage" already defined
Attendant.html:218:1 (Attendant.Rd:119): Warning: <h5> anchor "Arguments" already defined
Attendant.html:233:1 (Attendant.Rd:128): Warning: <h5> anchor "Details" already defined
Attendant.html:248:1 (Attendant.Rd:137): Warning: <h5> anchor "Usage" already defined
Attendant.html:254:1 (Attendant.Rd:141): Warning: <h5> anchor "Arguments" already defined
Attendant.html:267:1 (Attendant.Rd:148): Warning: <h5> anchor "Details" already defined
Attendant.html:282:1 (Attendant.Rd:157): Warning: <h5> anchor "Usage" already defined
Attendant.html:288:1 (Attendant.Rd:161): Warning: <h5> anchor "Arguments" already defined
Attendant.html:301:1 (Attendant.Rd:168): Warning: <h5> anchor "Details" already defined
Attendant.html:316:1 (Attendant.Rd:177): Warning: <h5> anchor "Usage" already defined
Attendant.html:322:1 (Attendant.Rd:181): Warning: <h5> anchor "Arguments" already defined
Attendant.html:337:1 (Attendant.Rd:190): Warning: <h5> anchor "Details" already defined
Attendant.html:352:1 (Attendant.Rd:199): Warning: <h5> anchor "Usage" already defined
Attendant.html:358:1 (Attendant.Rd:203): Warning: <h5> anchor "Details" already defined
Attendant.html:373:1 (Attendant.Rd:212): Warning: <h5> anchor "Usage" already defined
Attendant.html:379:1 (Attendant.Rd:216): Warning: <h5> anchor "Details" already defined
Attendant.html:394:1 (Attendant.Rd:225): Warning: <h5> anchor "Usage" already defined
Attendant.html:400:1 (Attendant.Rd:229): Warning: <h5> anchor "Details" already defined
Attendant.html:417:1 (Attendant.Rd:239): Warning: <h5> anchor "Usage" already defined
Attendant.html:423:1 (Attendant.Rd:243): Warning: <h5> anchor "Arguments" already defined
attendantBar.html:107:1 (attendantBar.Rd:53): Warning: missing </ul> before </div>
construct.html:50:1 (construct.Rd:12): Warning: missing </ul> before </div>
dot-theme_or_value.html:50:1 (dot-theme_or_value.Rd:12): Warning: missing </ul> before </div>
garcon.html:137:1 (garcon.Rd:116): Warning: <h5> anchor "Usage" already defined
garcon.html:143:1 (garcon.Rd:120): Warning: <h5> anchor "Arguments" already defined
garcon.html:156:1 (garcon.Rd:127): Warning: <h5> anchor "Details" already defined
garcon.html:163:1 (garcon.Rd:131): Warning: <h5> anchor "Examples" already defined
garcon.html:180:1 (garcon.Rd:144): Warning: <h5> anchor "Usage" already defined
garcon.html:186:1 (garcon.Rd:148): Warning: <h5> anchor "Arguments" already defined
garcon.html:199:1 (garcon.Rd:155): Warning: <h5> anchor "Details" already defined
garcon.html:206:1 (garcon.Rd:159): Warning: <h5> anchor "Examples" already defined
garcon.html:223:1 (garcon.Rd:172): Warning: <h5> anchor "Usage" already defined
garcon.html:229:1 (garcon.Rd:176): Warning: <h5> anchor "Arguments" already defined
garcon.html:242:1 (garcon.Rd:183): Warning: <h5> anchor "Details" already defined
garcon.html:249:1 (garcon.Rd:187): Warning: <h5> anchor "Examples" already defined
garcon.html:266:1 (garcon.Rd:200): Warning: <h5> anchor "Usage" already defined
garcon.html:272:1 (garcon.Rd:204): Warning: <h5> anchor "Details" already defined
garcon.html:279:1 (garcon.Rd:208): Warning: <h5> anchor "Examples" already defined
garcon.html:296:1 (garcon.Rd:221): Warning: <h5> anchor "Usage" already defined
garcon.html:302:1 (garcon.Rd:225): Warning: <h5> anchor "Details" already defined
garcon.html:317:1 (garcon.Rd:234): Warning: <h5> anchor "Usage" already defined
garcon.html:323:1 (garcon.Rd:238): Warning: <h5> anchor "Details" already defined
garcon.html:330:1 (garcon.Rd:242): Warning: <h5> anchor "Examples" already defined
garcon.html:349:1 (garcon.Rd:256): Warning: <h5> anchor "Usage" already defined
garcon.html:355:1 (garcon.Rd:260): Warning: <h5> anchor "Arguments" already defined
hostess.html:137:1 (hostess.Rd:121): Warning: <h5> anchor "Usage" already defined
hostess.html:143:1 (hostess.Rd:125): Warning: <h5> anchor "Details" already defined
hostess.html:158:1 (hostess.Rd:134): Warning: <h5> anchor "Usage" already defined
hostess.html:164:1 (hostess.Rd:138): Warning: <h5> anchor "Details" already defined
hostess.html:179:1 (hostess.Rd:147): Warning: <h5> anchor "Usage" already defined
hostess.html:185:1 (hostess.Rd:151): Warning: <h5> anchor "Arguments" already defined
hostess.html:198:1 (hostess.Rd:158): Warning: <h5> anchor "Details" already defined
hostess.html:205:1 (hostess.Rd:162): Warning: <h5> anchor "Examples" already defined
hostess.html:222:1 (hostess.Rd:175): Warning: <h5> anchor "Usage" already defined
hostess.html:228:1 (hostess.Rd:179): Warning: <h5> anchor "Arguments" already defined
hostess.html:241:1 (hostess.Rd:186): Warning: <h5> anchor "Details" already defined
hostess.html:248:1 (hostess.Rd:190): Warning: <h5> anchor "Examples" already defined
hostess.html:265:1 (hostess.Rd:203): Warning: <h5> anchor "Usage" already defined
hostess.html:271:1 (hostess.Rd:207): Warning: <h5> anchor "Details" already defined
hostess.html:278:1 (hostess.Rd:211): Warning: <h5> anchor "Examples" already defined
hostess.html:295:1 (hostess.Rd:224): Warning: <h5> anchor "Usage" already defined
hostess.html:315:1 (hostess.Rd:242): Warning: <h5> anchor "Arguments" already defined
hostess.html:357:1 (hostess.Rd:278): Warning: <h5> anchor "Details" already defined
hostess.html:364:1 (hostess.Rd:282): Warning: <h5> anchor "Examples" already defined
hostess.html:381:1 (hostess.Rd:295): Warning: <h5> anchor "Usage" already defined
hostess.html:387:1 (hostess.Rd:299): Warning: <h5> anchor "Arguments" already defined
hostess.html:400:1 (hostess.Rd:306): Warning: <h5> anchor "Details" already defined
hostess.html:407:1 (hostess.Rd:310): Warning: <h5> anchor "Examples" already defined
hostess.html:427:1 (hostess.Rd:326): Warning: <h5> anchor "Usage" already defined
hostess.html:438:1 (hostess.Rd:335): Warning: <h5> anchor "Arguments" already defined
hostess.html:459:1 (hostess.Rd:350): Warning: <h5> anchor "Details" already defined
hostess.html:466:1 (hostess.Rd:354): Warning: <h5> anchor "Examples" already defined
hostess.html:485:1 (hostess.Rd:368): Warning: <h5> anchor "Usage" already defined
hostess.html:491:1 (hostess.Rd:372): Warning: <h5> anchor "Arguments" already defined
steward.html:64:1 (steward.Rd:26): Warning: missing </ul> before </div>
themes_to_js.html:46:1 (themes_to_js.Rd:10): Warning: missing </ul> before </div>
waiterClass.html:166:1 (waiterClass.Rd:112): Warning: <h5> anchor "Usage" already defined
waiterClass.html:172:1 (waiterClass.Rd:116): Warning: <h5> anchor "Details" already defined
waiterClass.html:187:1 (waiterClass.Rd:125): Warning: <h5> anchor "Usage" already defined
waiterClass.html:193:1 (waiterClass.Rd:129): Warning: <h5> anchor "Details" already defined
waiterClass.html:208:1 (waiterClass.Rd:138): Warning: <h5> anchor "Usage" already defined
waiterClass.html:214:1 (waiterClass.Rd:142): Warning: <h5> anchor "Arguments" already defined
waiterClass.html:227:1 (waiterClass.Rd:149): Warning: <h5> anchor "Details" already defined
waiterClass.html:242:1 (waiterClass.Rd:158): Warning: <h5> anchor "Usage" already defined
waiterClass.html:248:1 (waiterClass.Rd:162): Warning: <h5> anchor "Details" already defined
waiterClass.html:265:1 (waiterClass.Rd:172): Warning: <h5> anchor "Usage" already defined
waiterClass.html:271:1 (waiterClass.Rd:176): Warning: <h5> anchor "Arguments" already defined
waiterOptionInternal.html:52:1 (waiterOptionInternal.Rd:20): Warning: missing </ul> before </div>
waiterTheme.html:63:1 (waiterTheme.Rd:23): Warning: missing </ul> before </div>
waitressClass.html:165:1 (waitressClass.Rd:144): Warning: <h5> anchor "Usage" already defined
waitressClass.html:175:1 (waitressClass.Rd:152): Warning: <h5> anchor "Arguments" already defined
waitressClass.html:193:1 (waitressClass.Rd:164): Warning: <h5> anchor "Details" already defined
waitressClass.html:200:1 (waitressClass.Rd:168): Warning: <h5> anchor "Examples" already defined
waitressClass.html:217:1 (waitressClass.Rd:181): Warning: <h5> anchor "Usage" already defined
waitressClass.html:228:1 (waitressClass.Rd:190): Warning: <h5> anchor "Arguments" already defined
waitressClass.html:250:1 (waitressClass.Rd:206): Warning: <h5> anchor "Details" already defined
waitressClass.html:257:1 (waitressClass.Rd:210): Warning: <h5> anchor "Examples" already defined
waitressClass.html:274:1 (waitressClass.Rd:223): Warning: <h5> anchor "Usage" already defined
waitressClass.html:280:1 (waitressClass.Rd:227): Warning: <h5> anchor "Arguments" already defined
waitressClass.html:293:1 (waitressClass.Rd:234): Warning: <h5> anchor "Details" already defined
waitressClass.html:300:1 (waitressClass.Rd:238): Warning: <h5> anchor "Examples" already defined
waitressClass.html:317:1 (waitressClass.Rd:251): Warning: <h5> anchor "Usage" already defined
waitressClass.html:323:1 (waitressClass.Rd:255): Warning: <h5> anchor "Arguments" already defined
waitressClass.html:338:1 (waitressClass.Rd:264): Warning: <h5> anchor "Details" already defined
waitressClass.html:345:1 (waitressClass.Rd:268): Warning: <h5> anchor "Examples" already defined
waitressClass.html:362:1 (waitressClass.Rd:281): Warning: <h5> anchor "Usage" already defined
waitressClass.html:368:1 (waitressClass.Rd:285): Warning: <h5> anchor "Arguments" already defined
waitressClass.html:381:1 (waitressClass.Rd:292): Warning: <h5> anchor "Details" already defined
waitressClass.html:388:1 (waitressClass.Rd:296): Warning: <h5> anchor "Examples" already defined
waitressClass.html:405:1 (waitressClass.Rd:309): Warning: <h5> anchor "Usage" already defined
waitressClass.html:411:1 (waitressClass.Rd:313): Warning: <h5> anchor "Details" already defined
waitressClass.html:418:1 (waitressClass.Rd:317): Warning: <h5> anchor "Examples" already defined
waitressClass.html:435:1 (waitressClass.Rd:330): Warning: <h5> anchor "Usage" already defined
waitressClass.html:441:1 (waitressClass.Rd:334): Warning: <h5> anchor "Details" already defined
waitressClass.html:456:1 (waitressClass.Rd:343): Warning: <h5> anchor "Usage" already defined
waitressClass.html:462:1 (waitressClass.Rd:347): Warning: <h5> anchor "Details" already defined
waitressClass.html:477:1 (waitressClass.Rd:356): Warning: <h5> anchor "Usage" already defined
waitressClass.html:483:1 (waitressClass.Rd:360): Warning: <h5> anchor "Details" already defined
waitressClass.html:498:1 (waitressClass.Rd:369): Warning: <h5> anchor "Usage" already defined
waitressClass.html:504:1 (waitressClass.Rd:373): Warning: <h5> anchor "Details" already defined
waitressClass.html:511:1 (waitressClass.Rd:377): Warning: <h5> anchor "Examples" already defined
waitressClass.html:530:1 (waitressClass.Rd:391): Warning: <h5> anchor "Usage" already defined
waitressClass.html:536:1 (waitressClass.Rd:395): Warning: <h5> anchor "Arguments" already defined
withProgressAttendant.html:94:1 (withProgressAttendant.Rd:48): Warning: missing </ul> before </div>
withProgressWaitress.html:82:1 (withProgressWaitress.Rd:38): Warning: missing </ul> before </div>
withWaiter.html:62:1 (withWaiter.Rd:17): Warning: missing </ul> before </div>
Flavors: r-devel-linux-x86_64-debian-clang, r-devel-linux-x86_64-debian-gcc
Version: 0.2.5.1
Check: dependencies in R code
Result: NOTE
Namespace in Imports field not imported from: ‘R6’
All declared Imports should be used.
Flavors: r-devel-linux-x86_64-fedora-clang, r-devel-linux-x86_64-fedora-gcc