Last updated on 2025-10-22 11:51:31 CEST.
Flavor | Version | Tinstall | Tcheck | Ttotal | Status | Flags |
---|---|---|---|---|---|---|
r-devel-linux-x86_64-debian-clang | 1.0.3 | 8.28 | 87.34 | 95.62 | NOTE | |
r-devel-linux-x86_64-debian-gcc | 1.0.3 | 7.34 | 64.66 | 72.00 | NOTE | |
r-devel-linux-x86_64-fedora-clang | 1.0.3 | 56.00 | 101.82 | 157.82 | OK | |
r-devel-linux-x86_64-fedora-gcc | 1.0.3 | 18.00 | 122.10 | 140.10 | OK | |
r-devel-windows-x86_64 | 1.0.3 | 10.00 | 95.00 | 105.00 | OK | |
r-patched-linux-x86_64 | 1.0.3 | 8.16 | 82.42 | 90.58 | OK | |
r-release-linux-x86_64 | 1.0.3 | 8.46 | 82.10 | 90.56 | OK | |
r-release-macos-arm64 | 1.0.3 | 4.00 | 38.00 | 42.00 | OK | |
r-release-macos-x86_64 | 1.0.3 | 8.00 | 75.00 | 83.00 | OK | |
r-release-windows-x86_64 | 1.0.3 | 12.00 | 96.00 | 108.00 | OK | |
r-oldrel-macos-arm64 | 1.0.3 | 5.00 | 43.00 | 48.00 | OK | |
r-oldrel-macos-x86_64 | 1.0.3 | 11.00 | 74.00 | 85.00 | OK | |
r-oldrel-windows-x86_64 | 1.0.3 | 14.00 | 117.00 | 131.00 | OK |
Version: 1.0.3
Check: HTML version of manual
Result: NOTE
Found the following HTML validation problems:
plot.wcep.html:100:1 (plot.wcep.Rd:43): Warning: missing </ul> before </div>
Flavors: r-devel-linux-x86_64-debian-clang, r-devel-linux-x86_64-debian-gcc