CRAN Package Check Results for Package weightedCL

Last updated on 2025-10-24 18:50:13 CEST.

Flavor Version Tinstall Tcheck Ttotal Status Flags
r-devel-linux-x86_64-debian-clang 0.7 7.84 63.26 71.10 OK
r-devel-linux-x86_64-debian-gcc 0.7 5.22 43.95 49.17 OK
r-devel-linux-x86_64-fedora-clang 0.7 36.00 77.99 113.99 NOTE
r-devel-linux-x86_64-fedora-gcc 0.7 17.00 84.11 101.11 NOTE
r-devel-windows-x86_64 0.7 12.00 74.00 86.00 OK
r-patched-linux-x86_64 0.7 7.93 57.88 65.81 OK
r-release-linux-x86_64 0.7 6.61 58.65 65.26 OK
r-release-macos-arm64 0.7 6.00 25.00 31.00 OK
r-release-macos-x86_64 0.7 11.00 45.00 56.00 OK
r-release-windows-x86_64 0.7 12.00 76.00 88.00 OK
r-oldrel-macos-arm64 0.7 6.00 32.00 38.00 OK
r-oldrel-macos-x86_64 0.7 8.00 47.00 55.00 OK
r-oldrel-windows-x86_64 0.7 16.00 93.00 109.00 OK

Check Details

Version: 0.7
Check: compiled code
Result: NOTE File ‘weightedCL/libs/weightedCL.so’: Found no calls to: ‘R_registerRoutines’, ‘R_useDynamicSymbols’ It is good practice to register native routines and to disable symbol search. See ‘Writing portable packages’ in the ‘Writing R Extensions’ manual. Flavors: r-devel-linux-x86_64-fedora-clang, r-devel-linux-x86_64-fedora-gcc