Last updated on 2025-10-21 23:51:18 CEST.
Flavor | Version | Tinstall | Tcheck | Ttotal | Status | Flags |
---|---|---|---|---|---|---|
r-devel-linux-x86_64-debian-clang | 0.1.2 | 16.61 | 39.37 | 55.98 | NOTE | |
r-devel-linux-x86_64-debian-gcc | 0.1.2 | 11.75 | 31.92 | 43.67 | NOTE | |
r-devel-linux-x86_64-fedora-clang | 0.1.2 | 86.00 | -0.72 | 85.28 | OK | |
r-devel-linux-x86_64-fedora-gcc | 0.1.2 | 38.00 | 55.68 | 93.68 | OK | |
r-devel-windows-x86_64 | 0.1.2 | 144.00 | 61.00 | 205.00 | OK | |
r-patched-linux-x86_64 | 0.1.2 | 12.90 | 37.42 | 50.32 | OK | |
r-release-linux-x86_64 | 0.1.2 | 12.19 | 37.55 | 49.74 | OK | |
r-release-macos-arm64 | 0.1.2 | 5.00 | 63.00 | 68.00 | OK | |
r-release-macos-x86_64 | 0.1.2 | 8.00 | 90.00 | 98.00 | OK | |
r-release-windows-x86_64 | 0.1.2 | 147.00 | 62.00 | 209.00 | OK | |
r-oldrel-macos-arm64 | 0.1.2 | 6.00 | 35.00 | 41.00 | OK | |
r-oldrel-macos-x86_64 | 0.1.2 | 9.00 | 93.00 | 102.00 | OK | |
r-oldrel-windows-x86_64 | 0.1.2 | 167.00 | 74.00 | 241.00 | WARN |
Version: 0.1.2
Check: HTML version of manual
Result: NOTE
Found the following HTML validation problems:
winch_add_trace_back.html:49:1 (winch_add_trace_back.Rd:10): Warning: missing </ul> before </div>
Flavors: r-devel-linux-x86_64-debian-clang, r-devel-linux-x86_64-debian-gcc
Version: 0.1.2
Check: whether package can be installed
Result: WARN
Found the following significant warnings:
stop.c:10:6: warning: function declaration isn't a prototype [-Wstrict-prototypes]
See 'd:/Rcompile/CRANpkg/local/4.4/winch.Rcheck/00install.out' for details.
* used C compiler: 'gcc.exe (GCC) 13.3.0'
Flavor: r-oldrel-windows-x86_64