CRAN Package Check Results for Package wishmom

Last updated on 2025-10-21 17:50:08 CEST.

Flavor Version Tinstall Tcheck Ttotal Status Flags
r-devel-linux-x86_64-debian-clang 1.1.0 2.45 29.25 31.70 OK
r-devel-linux-x86_64-debian-gcc 1.1.0 2.05 22.68 24.73 OK
r-devel-linux-x86_64-fedora-clang 1.1.0 51.12 NOTE
r-devel-linux-x86_64-fedora-gcc 1.1.0 60.27 NOTE
r-devel-windows-x86_64 1.1.0 6.00 48.00 54.00 OK
r-patched-linux-x86_64 1.1.0 3.25 27.81 31.06 OK
r-release-linux-x86_64 1.1.0 2.85 28.10 30.95 OK
r-release-macos-arm64 1.1.0 2.00 45.00 47.00 OK
r-release-macos-x86_64 1.1.0 2.00 59.00 61.00 OK
r-release-windows-x86_64 1.1.0 6.00 49.00 55.00 OK
r-oldrel-macos-arm64 1.1.0 2.00 24.00 26.00 OK
r-oldrel-macos-x86_64 1.1.0 3.00 49.00 52.00 OK
r-oldrel-windows-x86_64 1.1.0 6.00 57.00 63.00 OK

Check Details

Version: 1.1.0
Check: dependencies in R code
Result: NOTE Namespace in Imports field not imported from: ‘roxygen2’ All declared Imports should be used. Flavors: r-devel-linux-x86_64-fedora-clang, r-devel-linux-x86_64-fedora-gcc