CRAN Package Check Results for Package woeBinning

Last updated on 2025-10-21 17:50:08 CEST.

Flavor Version Tinstall Tcheck Ttotal Status Flags
r-devel-linux-x86_64-debian-clang 0.1.6 4.11 30.22 34.33 NOTE
r-devel-linux-x86_64-debian-gcc 0.1.6 2.56 22.40 24.96 NOTE
r-devel-linux-x86_64-fedora-clang 0.1.6 18.00 35.56 53.56 OK
r-devel-linux-x86_64-fedora-gcc 0.1.6 48.34 OK
r-devel-windows-x86_64 0.1.6 5.00 45.00 50.00 OK
r-patched-linux-x86_64 0.1.6 4.52 28.35 32.87 OK
r-release-linux-x86_64 0.1.6 3.64 28.04 31.68 OK
r-release-macos-arm64 0.1.6 2.00 16.00 18.00 OK
r-release-macos-x86_64 0.1.6 3.00 28.00 31.00 OK
r-release-windows-x86_64 0.1.6 6.00 58.00 64.00 OK
r-oldrel-macos-arm64 0.1.6 2.00 15.00 17.00 OK
r-oldrel-macos-x86_64 0.1.6 3.00 22.00 25.00 OK
r-oldrel-windows-x86_64 0.1.6 4.00 45.00 49.00 OK

Check Details

Version: 0.1.6
Check: CRAN incoming feasibility
Result: NOTE Maintainer: ‘Thilo Eichenberg <te.r@gmx.net>’ No Authors@R field in DESCRIPTION. Please add one, modifying Authors@R: person(given = "Thilo", family = "Eichenberg", role = c("aut", "cre"), email = "te.r@gmx.net") as necessary. Flavors: r-devel-linux-x86_64-debian-clang, r-devel-linux-x86_64-debian-gcc