CRAN Package Check Results for Package wordcloud

Last updated on 2025-10-21 17:50:08 CEST.

Flavor Version Tinstall Tcheck Ttotal Status Flags
r-devel-linux-x86_64-debian-clang 2.6 11.51 31.01 42.52 NOTE
r-devel-linux-x86_64-debian-gcc 2.6 7.74 24.61 32.35 NOTE
r-devel-linux-x86_64-fedora-clang 2.6 73.00 -2.13 70.87 OK
r-devel-linux-x86_64-fedora-gcc 2.6 20.00 41.65 61.65 OK
r-devel-windows-x86_64 2.6 15.00 64.00 79.00 OK
r-patched-linux-x86_64 2.6 10.28 28.82 39.10 OK
r-release-linux-x86_64 2.6 9.90 28.96 38.86 OK
r-release-macos-arm64 2.6 7.00 20.00 27.00 OK
r-release-macos-x86_64 2.6 12.00 31.00 43.00 OK
r-release-windows-x86_64 2.6 16.00 64.00 80.00 OK
r-oldrel-macos-arm64 2.6 6.00 24.00 30.00 OK
r-oldrel-macos-x86_64 2.6 8.00 27.00 35.00 OK
r-oldrel-windows-x86_64 2.6 17.00 78.00 95.00 OK

Check Details

Version: 2.6
Check: CRAN incoming feasibility
Result: NOTE Maintainer: ‘Ian Fellows <ian@fellstat.com>’ No Authors@R field in DESCRIPTION. Please add one, modifying Authors@R: person(given = "Ian", family = "Fellows", role = c("aut", "cre"), email = "ian@fellstat.com") as necessary. Flavors: r-devel-linux-x86_64-debian-clang, r-devel-linux-x86_64-debian-gcc