Last updated on 2025-10-22 11:51:31 CEST.
Flavor | Version | Tinstall | Tcheck | Ttotal | Status | Flags |
---|---|---|---|---|---|---|
r-devel-linux-x86_64-debian-clang | 0.1.0 | 6.03 | 75.94 | 81.97 | NOTE | |
r-devel-linux-x86_64-debian-gcc | 0.1.0 | 4.29 | 54.56 | 58.85 | NOTE | |
r-devel-linux-x86_64-fedora-clang | 0.1.0 | 36.00 | 96.33 | 132.33 | OK | |
r-devel-linux-x86_64-fedora-gcc | 0.1.0 | 15.00 | 118.77 | 133.77 | OK | |
r-devel-windows-x86_64 | 0.1.0 | 8.00 | 82.00 | 90.00 | OK | |
r-patched-linux-x86_64 | 0.1.0 | 5.82 | 70.00 | 75.82 | OK | |
r-release-linux-x86_64 | 0.1.0 | 6.34 | 69.57 | 75.91 | OK | |
r-release-macos-arm64 | 0.1.0 | 2.00 | 34.00 | 36.00 | OK | |
r-release-macos-x86_64 | 0.1.0 | 4.00 | 66.00 | 70.00 | OK | |
r-release-windows-x86_64 | 0.1.0 | 10.00 | 83.00 | 93.00 | OK | |
r-oldrel-macos-arm64 | 0.1.0 | 2.00 | 32.00 | 34.00 | OK | |
r-oldrel-macos-x86_64 | 0.1.0 | 4.00 | 62.00 | 66.00 | OK | |
r-oldrel-windows-x86_64 | 0.1.0 | 10.00 | 104.00 | 114.00 | OK |
Version: 0.1.0
Check: HTML version of manual
Result: NOTE
Found the following HTML validation problems:
image_matrix.html:58:1 (image_matrix.Rd:18): Warning: missing </ul> before </div>
max_word_size.html:50:1 (max_word_size.Rd:12): Warning: missing </ul> before </div>
prepare_words.html:46:1 (prepare_words.Rd:10): Warning: missing </ul> before </div>
word_overlap.html:46:1 (word_overlap.Rd:10): Warning: missing </ul> before </div>
Flavors: r-devel-linux-x86_64-debian-clang, r-devel-linux-x86_64-debian-gcc