Last updated on 2025-10-21 17:50:08 CEST.
Flavor | Version | Tinstall | Tcheck | Ttotal | Status | Flags |
---|---|---|---|---|---|---|
r-devel-linux-x86_64-debian-clang | 1.10.0 | 24.75 | 440.83 | 465.58 | NOTE | |
r-devel-linux-x86_64-debian-gcc | 1.10.0 | 18.03 | 259.55 | 277.58 | NOTE | |
r-devel-linux-x86_64-fedora-clang | 1.10.0 | 156.00 | 604.70 | 760.70 | OK | |
r-devel-linux-x86_64-fedora-gcc | 1.10.0 | 54.00 | 623.88 | 677.88 | OK | |
r-devel-windows-x86_64 | 1.10.0 | 30.00 | 470.00 | 500.00 | OK | |
r-patched-linux-x86_64 | 1.10.0 | 33.44 | 418.90 | 452.34 | OK | |
r-release-linux-x86_64 | 1.10.0 | 27.20 | 415.81 | 443.01 | OK | |
r-release-macos-arm64 | 1.10.0 | 10.00 | 122.00 | 132.00 | OK | |
r-release-macos-x86_64 | 1.10.0 | 30.00 | 245.00 | 275.00 | OK | |
r-release-windows-x86_64 | 1.10.0 | 29.00 | 474.00 | 503.00 | OK | |
r-oldrel-macos-arm64 | 1.10.0 | 10.00 | 114.00 | 124.00 | OK | |
r-oldrel-macos-x86_64 | 1.10.0 | 29.00 | 273.00 | 302.00 | OK | |
r-oldrel-windows-x86_64 | 1.10.0 | 38.00 | 603.00 | 641.00 | OK |
Version: 1.10.0
Check: HTML version of manual
Result: NOTE
Found the following HTML validation problems:
plot_hourly_pat.html:120:1 (plot_hourly_pat.Rd:52): Warning: missing </ul> before </div>
Flavors: r-devel-linux-x86_64-debian-clang, r-devel-linux-x86_64-debian-gcc