Last updated on 2025-10-23 05:52:16 CEST.
| Flavor | Version | Tinstall | Tcheck | Ttotal | Status | Flags |
|---|---|---|---|---|---|---|
| r-devel-linux-x86_64-debian-clang | 0.6.4 | 4.60 | 38.76 | 43.36 | NOTE | |
| r-devel-linux-x86_64-debian-gcc | 0.6.4 | 3.03 | 27.83 | 30.86 | NOTE | |
| r-devel-linux-x86_64-fedora-clang | 0.6.4 | 28.00 | 40.39 | 68.39 | OK | |
| r-devel-linux-x86_64-fedora-gcc | 0.6.4 | 60.25 | OK | |||
| r-devel-windows-x86_64 | 0.6.4 | 6.00 | 56.00 | 62.00 | OK | |
| r-patched-linux-x86_64 | 0.6.4 | 4.02 | 36.18 | 40.20 | OK | |
| r-release-linux-x86_64 | 0.6.4 | 3.98 | 35.66 | 39.64 | OK | |
| r-release-macos-arm64 | 0.6.4 | 2.00 | 21.00 | 23.00 | OK | |
| r-release-macos-x86_64 | 0.6.4 | 4.00 | 34.00 | 38.00 | OK | |
| r-release-windows-x86_64 | 0.6.4 | 8.00 | 57.00 | 65.00 | OK | |
| r-oldrel-macos-arm64 | 0.6.4 | 2.00 | 18.00 | 20.00 | OK | |
| r-oldrel-macos-x86_64 | 0.6.4 | 4.00 | 33.00 | 37.00 | OK | |
| r-oldrel-windows-x86_64 | 0.6.4 | 7.00 | 66.00 | 73.00 | OK |
Version: 0.6.4
Check: CRAN incoming feasibility
Result: NOTE
Maintainer: ‘Tim Bergsma <bergsmat@gmail.com>’
No Authors@R field in DESCRIPTION.
Please add one, modifying
Authors@R: person(given = "Tim",
family = "Bergsma",
role = c("aut", "cre"),
email = "bergsmat@gmail.com")
as necessary.
Flavors: r-devel-linux-x86_64-debian-clang, r-devel-linux-x86_64-debian-gcc