Last updated on 2025-10-21 23:51:18 CEST.
Flavor | Version | Tinstall | Tcheck | Ttotal | Status | Flags |
---|---|---|---|---|---|---|
r-devel-linux-x86_64-debian-clang | 2.1.0 | 6.05 | 86.95 | 93.00 | NOTE | |
r-devel-linux-x86_64-debian-gcc | 2.1.0 | 3.58 | 67.79 | 71.37 | NOTE | |
r-devel-linux-x86_64-fedora-clang | 2.1.0 | 12.00 | 130.33 | 142.33 | OK | |
r-devel-linux-x86_64-fedora-gcc | 2.1.0 | 13.00 | 138.31 | 151.31 | OK | |
r-devel-windows-x86_64 | 2.1.0 | 8.00 | 126.00 | 134.00 | OK | |
r-patched-linux-x86_64 | 2.1.0 | 7.31 | 82.73 | 90.04 | OK | |
r-release-linux-x86_64 | 2.1.0 | 4.91 | 81.61 | 86.52 | OK | |
r-release-macos-arm64 | 2.1.0 | 2.00 | 54.00 | 56.00 | OK | |
r-release-macos-x86_64 | 2.1.0 | 5.00 | 106.00 | 111.00 | OK | |
r-release-windows-x86_64 | 2.1.0 | 9.00 | 129.00 | 138.00 | OK | |
r-oldrel-macos-arm64 | 2.1.0 | 3.00 | 65.00 | 68.00 | OK | |
r-oldrel-macos-x86_64 | 2.1.0 | 4.00 | 84.00 | 88.00 | OK | |
r-oldrel-windows-x86_64 | 2.1.0 | 10.00 | 142.00 | 152.00 | OK |
Version: 2.1.0
Check: HTML version of manual
Result: NOTE
Found the following HTML validation problems:
returnCapture.html:68:1 (returnCapture.Rd:24): Warning: missing </ul> before </div>
Flavors: r-devel-linux-x86_64-debian-clang, r-devel-linux-x86_64-debian-gcc