Last updated on 2025-10-25 06:50:00 CEST.
| Flavor | Version | Tinstall | Tcheck | Ttotal | Status | Flags |
|---|---|---|---|---|---|---|
| r-devel-linux-x86_64-debian-clang | 0.1.0 | 6.29 | 55.38 | 61.67 | OK | |
| r-devel-linux-x86_64-debian-gcc | 0.1.0 | 4.25 | 42.09 | 46.34 | OK | |
| r-devel-linux-x86_64-fedora-clang | 0.1.0 | 28.00 | 70.72 | 98.72 | NOTE | |
| r-devel-linux-x86_64-fedora-gcc | 0.1.0 | 12.00 | 75.22 | 87.22 | NOTE | |
| r-devel-windows-x86_64 | 0.1.0 | 8.00 | 70.00 | 78.00 | OK | |
| r-patched-linux-x86_64 | 0.1.0 | 5.64 | 51.27 | 56.91 | OK | |
| r-release-linux-x86_64 | 0.1.0 | 6.17 | 50.19 | 56.36 | OK | |
| r-release-macos-arm64 | 0.1.0 | 2.00 | 26.00 | 28.00 | OK | |
| r-release-macos-x86_64 | 0.1.0 | 4.00 | 37.00 | 41.00 | OK | |
| r-release-windows-x86_64 | 0.1.0 | 7.00 | 71.00 | 78.00 | OK | |
| r-oldrel-macos-arm64 | 0.1.0 | 2.00 | 22.00 | 24.00 | NOTE | |
| r-oldrel-macos-x86_64 | 0.1.0 | 3.00 | 33.00 | 36.00 | NOTE | |
| r-oldrel-windows-x86_64 | 0.1.0 | 9.00 | 84.00 | 93.00 | NOTE |
Version: 0.1.0
Check: dependencies in R code
Result: NOTE
Namespaces in Imports field not imported from:
‘dplyr’ ‘magrittr’
All declared Imports should be used.
Flavors: r-devel-linux-x86_64-fedora-clang, r-devel-linux-x86_64-fedora-gcc
Version: 0.1.0
Check: LazyData
Result: NOTE
'LazyData' is specified without a 'data' directory
Flavors: r-oldrel-macos-arm64, r-oldrel-macos-x86_64, r-oldrel-windows-x86_64