CRAN Package Check Results for Package x12

Last updated on 2025-10-21 17:50:08 CEST.

Flavor Version Tinstall Tcheck Ttotal Status Flags
r-devel-linux-x86_64-debian-clang 1.10.3 11.47 87.92 99.39 NOTE
r-devel-linux-x86_64-debian-gcc 1.10.3 7.99 59.98 67.97 NOTE
r-devel-linux-x86_64-fedora-clang 1.10.3 39.00 126.99 165.99 OK
r-devel-linux-x86_64-fedora-gcc 1.10.3 21.00 126.94 147.94 OK
r-devel-windows-x86_64 1.10.3 13.00 95.00 108.00 OK
r-patched-linux-x86_64 1.10.3 11.76 84.28 96.04 OK
r-release-linux-x86_64 1.10.3 11.17 84.32 95.49 OK
r-release-macos-arm64 1.10.3 5.00 38.00 43.00 OK
r-release-macos-x86_64 1.10.3 9.00 72.00 81.00 OK
r-release-windows-x86_64 1.10.3 14.00 98.00 112.00 OK
r-oldrel-macos-arm64 1.10.3 4.00 37.00 41.00 OK
r-oldrel-macos-x86_64 1.10.3 7.00 56.00 63.00 OK
r-oldrel-windows-x86_64 1.10.3 17.00 117.00 134.00 OK

Check Details

Version: 1.10.3
Check: CRAN incoming feasibility
Result: NOTE Maintainer: ‘Alexander Kowarik <alexander.kowarik@statistik.gv.at>’ No Authors@R field in DESCRIPTION. Please add one, modifying Authors@R: c(person(given = "Alexander", family = "Kowarik", role = c("aut", "cre"), email = "alexander.kowarik@statistik.gv.at"), person(given = "Angelika", family = "Meraner", role = "aut")) as necessary. Package CITATION file contains call(s) to old-style personList() or as.personList(). Please use c() on person objects instead. Package CITATION file contains call(s) to old-style citEntry(). Please use bibentry() instead. Flavors: r-devel-linux-x86_64-debian-clang, r-devel-linux-x86_64-debian-gcc