Last updated on 2025-10-21 17:50:08 CEST.
Flavor | Version | Tinstall | Tcheck | Ttotal | Status | Flags |
---|---|---|---|---|---|---|
r-devel-linux-x86_64-debian-clang | 0.53 | 8.68 | 60.05 | 68.73 | NOTE | |
r-devel-linux-x86_64-debian-gcc | 0.53 | 4.76 | 42.49 | 47.25 | NOTE | |
r-devel-linux-x86_64-fedora-clang | 0.53 | 38.00 | 68.96 | 106.96 | OK | |
r-devel-linux-x86_64-fedora-gcc | 0.53 | 18.00 | 90.81 | 108.81 | OK | |
r-devel-windows-x86_64 | 0.53 | 13.00 | 106.00 | 119.00 | OK | |
r-patched-linux-x86_64 | 0.53 | 8.38 | 55.88 | 64.26 | OK | |
r-release-linux-x86_64 | 0.53 | 5.99 | 56.20 | 62.19 | OK | |
r-release-macos-arm64 | 0.53 | 9.00 | 127.00 | 136.00 | OK | |
r-release-macos-x86_64 | 0.53 | 21.00 | 193.00 | 214.00 | OK | |
r-release-windows-x86_64 | 0.53 | 14.00 | 108.00 | 122.00 | OK | |
r-oldrel-macos-arm64 | 0.53 | 7.00 | 107.00 | 114.00 | OK | |
r-oldrel-macos-x86_64 | 0.53 | 22.00 | 187.00 | 209.00 | OK | |
r-oldrel-windows-x86_64 | 0.53 | 15.00 | 123.00 | 138.00 | OK |
Version: 0.53
Check: HTML version of manual
Result: NOTE
Found the following HTML validation problems:
del_empty_dir.html:48:1 (del_empty_dir.Rd:11): Warning: missing </ul> before </div>
install_github.html:50:1 (install_github.Rd:10): Warning: missing </ul> before </div>
Flavors: r-devel-linux-x86_64-debian-clang, r-devel-linux-x86_64-debian-gcc