Last updated on 2025-10-24 11:51:04 CEST.
| Flavor | Version | Tinstall | Tcheck | Ttotal | Status | Flags |
|---|---|---|---|---|---|---|
| r-devel-linux-x86_64-debian-clang | 2.0.2 | 15.39 | 202.52 | 217.91 | NOTE | |
| r-devel-linux-x86_64-debian-gcc | 2.0.2 | 11.02 | 129.76 | 140.78 | NOTE | |
| r-devel-linux-x86_64-fedora-clang | 2.0.2 | 115.00 | 230.42 | 345.42 | OK | |
| r-devel-linux-x86_64-fedora-gcc | 2.0.2 | 35.00 | 318.97 | 353.97 | OK | |
| r-devel-windows-x86_64 | 2.0.2 | 17.00 | 247.00 | 264.00 | OK | |
| r-patched-linux-x86_64 | 2.0.2 | 16.72 | 191.76 | 208.48 | OK | |
| r-release-linux-x86_64 | 2.0.2 | 15.09 | 190.55 | 205.64 | OK | |
| r-release-macos-arm64 | 2.0.2 | 6.00 | 85.00 | 91.00 | OK | |
| r-release-macos-x86_64 | 2.0.2 | 12.00 | 202.00 | 214.00 | OK | |
| r-release-windows-x86_64 | 2.0.2 | 17.00 | 247.00 | 264.00 | OK | |
| r-oldrel-macos-arm64 | 2.0.2 | 7.00 | 90.00 | 97.00 | OK | |
| r-oldrel-macos-x86_64 | 2.0.2 | 22.00 | 277.00 | 299.00 | OK | |
| r-oldrel-windows-x86_64 | 2.0.2 | 24.00 | 315.00 | 339.00 | OK |
Version: 2.0.2
Check: CRAN incoming feasibility
Result: NOTE
Maintainer: ‘Juste Goungounga <juste.goungounga@ehesp.fr>’
No Authors@R field in DESCRIPTION.
Please add one, modifying
Authors@R: c(person(given = "Juste",
family = "Goungounga",
role = c("aut", "cre"),
email = "juste.goungounga@ehesp.fr",
comment = c(ORCID = "0000-0002-9039-2639")),
person(given = "Hadrien",
family = "Charvat",
role = "aut",
comment = c(ORCID = "0000-0003-3624-1394")),
person(given = "Darlin",
family = "Mba",
role = "aut",
comment = c(ORCID = "0000-0001-9768-0230")),
person(given = "Nathalie",
family = "Graffeo",
role = "aut",
comment = c(ORCID = "0000-0001-7227-7525")),
person(given = "Roch",
family = "Giorgi",
role = "aut",
comment = c(ORCID = "0000-0001-6135-3078")))
as necessary.
Flavors: r-devel-linux-x86_64-debian-clang, r-devel-linux-x86_64-debian-gcc