CRAN Package Check Results for Package xkcdcolors

Last updated on 2025-10-21 23:51:18 CEST.

Flavor Version Tinstall Tcheck Ttotal Status Flags
r-devel-linux-x86_64-debian-clang 1.0 1.62 20.12 21.74 NOTE
r-devel-linux-x86_64-debian-gcc 1.0 1.22 16.54 17.76 NOTE
r-devel-linux-x86_64-fedora-clang 1.0 32.59 OK
r-devel-linux-x86_64-fedora-gcc 1.0 29.74 OK
r-devel-windows-x86_64 1.0 2.00 44.00 46.00 OK
r-patched-linux-x86_64 1.0 1.68 19.10 20.78 OK
r-release-linux-x86_64 1.0 1.56 19.10 20.66 OK
r-release-macos-arm64 1.0 1.00 14.00 15.00 OK
r-release-macos-x86_64 1.0 1.00 23.00 24.00 OK
r-release-windows-x86_64 1.0 2.00 44.00 46.00 OK
r-oldrel-macos-arm64 1.0 1.00 14.00 15.00 OK
r-oldrel-macos-x86_64 1.0 1.00 22.00 23.00 OK
r-oldrel-windows-x86_64 1.0 2.00 46.00 48.00 OK

Check Details

Version: 1.0
Check: CRAN incoming feasibility
Result: NOTE Maintainer: ‘Thomas Lumley <t.lumley@auckland.ac.nz>’ No Authors@R field in DESCRIPTION. Please add one, modifying Authors@R: c(person(given = "Thomas", family = "Lumley", role = c("aut", "cre"), email = "t.lumley@auckland.ac.nz"), person(given = c("using", "data", "from", "Randall"), family = "Munroe", role = "aut"), person(given = c("about", "2.2e5", "survey"), family = "participants", role = "aut")) as necessary. Flavors: r-devel-linux-x86_64-debian-clang, r-devel-linux-x86_64-debian-gcc