Last updated on 2025-10-22 23:50:19 CEST.
Flavor | Version | Tinstall | Tcheck | Ttotal | Status | Flags |
---|---|---|---|---|---|---|
r-devel-linux-x86_64-debian-clang | 0.4.0 | 6.07 | 41.07 | 47.14 | NOTE | |
r-devel-linux-x86_64-debian-gcc | 0.4.0 | 4.11 | 31.64 | 35.75 | OK | |
r-devel-linux-x86_64-fedora-clang | 0.4.0 | 24.00 | 47.69 | 71.69 | OK | |
r-devel-linux-x86_64-fedora-gcc | 0.4.0 | 12.00 | 52.96 | 64.96 | OK | |
r-devel-windows-x86_64 | 0.4.0 | 8.00 | 55.00 | 63.00 | OK | |
r-patched-linux-x86_64 | 0.4.0 | 5.69 | 37.52 | 43.21 | OK | |
r-release-linux-x86_64 | 0.4.0 | 5.65 | 37.73 | 43.38 | OK | |
r-release-macos-arm64 | 0.4.0 | 3.00 | 23.00 | 26.00 | OK | |
r-release-macos-x86_64 | 0.4.0 | 6.00 | 43.00 | 49.00 | OK | |
r-release-windows-x86_64 | 0.4.0 | 7.00 | 58.00 | 65.00 | OK | |
r-oldrel-macos-arm64 | 0.4.0 | 2.00 | 193.00 | 195.00 | OK | |
r-oldrel-macos-x86_64 | 0.4.0 | 3.00 | 201.00 | 204.00 | OK | |
r-oldrel-windows-x86_64 | 0.4.0 | 9.00 | 64.00 | 73.00 | OK |
Version: 0.4.0
Check: HTML version of manual
Result: NOTE
Found the following HTML validation problems:
Index-class.html:123:1 (Index-class.Rd:89): Warning: <h5> anchor "Usage" already defined
Index-class.html:129:1 (Index-class.Rd:93): Warning: <h5> anchor "Arguments" already defined
Index-class.html:142:1 (Index-class.Rd:100): Warning: <h5> anchor "Examples" already defined
Index-class.html:162:1 (Index-class.Rd:115): Warning: <h5> anchor "Usage" already defined
Index-class.html:168:1 (Index-class.Rd:119): Warning: <h5> anchor "Arguments" already defined
Index-class.html:265:1 (Index-class.Rd:160): Warning: <h5> anchor "Returns" already defined
Index-class.html:272:1 (Index-class.Rd:163): Warning: <h5> anchor "Examples" already defined
Index-class.html:296:1 (Index-class.Rd:182): Warning: <h5> anchor "Usage" already defined
Index-class.html:302:1 (Index-class.Rd:186): Warning: <h5> anchor "Arguments" already defined
Ticker-class.html:167:1 (Ticker-class.Rd:128): Warning: <h5> anchor "Usage" already defined
Ticker-class.html:173:1 (Ticker-class.Rd:132): Warning: <h5> anchor "Arguments" already defined
Ticker-class.html:186:1 (Ticker-class.Rd:139): Warning: <h5> anchor "Examples" already defined
Ticker-class.html:206:1 (Ticker-class.Rd:154): Warning: <h5> anchor "Usage" already defined
Ticker-class.html:212:1 (Ticker-class.Rd:158): Warning: <h5> anchor "Arguments" already defined
Ticker-class.html:309:1 (Ticker-class.Rd:199): Warning: <h5> anchor "Returns" already defined
Ticker-class.html:316:1 (Ticker-class.Rd:202): Warning: <h5> anchor "Examples" already defined
Ticker-class.html:340:1 (Ticker-class.Rd:221): Warning: <h5> anchor "Usage" already defined
Ticker-class.html:346:1 (Ticker-class.Rd:225): Warning: <h5> anchor "Arguments" already defined
Flavor: r-devel-linux-x86_64-debian-clang