Last updated on 2025-10-21 17:50:09 CEST.
Flavor | Version | Tinstall | Tcheck | Ttotal | Status | Flags |
---|---|---|---|---|---|---|
r-devel-linux-x86_64-debian-clang | 0.1.2 | 2.94 | 30.90 | 33.84 | NOTE | |
r-devel-linux-x86_64-debian-gcc | 0.1.2 | 2.41 | 24.54 | 26.95 | NOTE | |
r-devel-linux-x86_64-fedora-clang | 0.1.2 | 14.00 | 41.56 | 55.56 | OK | |
r-devel-linux-x86_64-fedora-gcc | 0.1.2 | 63.47 | OK | |||
r-devel-windows-x86_64 | 0.1.2 | 5.00 | 49.00 | 54.00 | OK | |
r-patched-linux-x86_64 | 0.1.2 | 2.45 | 29.41 | 31.86 | OK | |
r-release-linux-x86_64 | 0.1.2 | 3.17 | 29.34 | 32.51 | OK | |
r-release-macos-arm64 | 0.1.2 | 2.00 | 35.00 | 37.00 | OK | |
r-release-macos-x86_64 | 0.1.2 | 3.00 | 46.00 | 49.00 | OK | |
r-release-windows-x86_64 | 0.1.2 | 4.00 | 52.00 | 56.00 | OK | |
r-oldrel-macos-arm64 | 0.1.2 | 2.00 | 24.00 | 26.00 | OK | |
r-oldrel-macos-x86_64 | 0.1.2 | 2.00 | 37.00 | 39.00 | OK | |
r-oldrel-windows-x86_64 | 0.1.2 | 6.00 | 59.00 | 65.00 | OK |
Version: 0.1.2
Check: HTML version of manual
Result: NOTE
Found the following HTML validation problems:
print2text.html:47:1 (print2text.Rd:10): Warning: missing </ul> before </div>
Flavors: r-devel-linux-x86_64-debian-clang, r-devel-linux-x86_64-debian-gcc