Last updated on 2025-10-22 17:49:57 CEST.
Flavor | Version | Tinstall | Tcheck | Ttotal | Status | Flags |
---|---|---|---|---|---|---|
r-devel-linux-x86_64-debian-clang | 1.15.30 | 147.53 | 226.52 | 374.05 | NOTE | |
r-devel-linux-x86_64-debian-gcc | 1.15.30 | 96.64 | 139.50 | 236.14 | NOTE | |
r-devel-linux-x86_64-fedora-clang | 1.15.30 | 462.00 | 232.09 | 694.09 | OK | |
r-devel-linux-x86_64-fedora-gcc | 1.15.30 | 261.00 | 295.18 | 556.18 | OK | |
r-devel-windows-x86_64 | 1.15.30 | 160.00 | 271.00 | 431.00 | OK | |
r-patched-linux-x86_64 | 1.15.30 | 158.20 | 212.80 | 371.00 | OK | |
r-release-linux-x86_64 | 1.15.30 | 142.16 | 207.76 | 349.92 | OK | |
r-release-macos-arm64 | 1.15.30 | 53.00 | 83.00 | 136.00 | OK | |
r-release-macos-x86_64 | 1.15.30 | 67.00 | 172.00 | 239.00 | OK | |
r-release-windows-x86_64 | 1.15.30 | 162.00 | 279.00 | 441.00 | OK | |
r-oldrel-macos-arm64 | 1.15.30 | 50.00 | 90.00 | 140.00 | NOTE | |
r-oldrel-macos-x86_64 | 1.15.30 | 80.00 | 170.00 | 250.00 | NOTE | |
r-oldrel-windows-x86_64 | 1.15.30 | 204.00 | 355.00 | 559.00 | OK |
Version: 1.15.30
Check: HTML version of manual
Result: NOTE
Found the following HTML validation problems:
initialize-yuima.ae-method.html:99:1 (initialize-yuima.ae-method.Rd:43): Warning: missing </ul> before </div>
plot-yuima.ae-ANY-method.html:63:1 (plot-yuima.ae-ANY-method.Rd:19): Warning: missing </ul> before </div>
Flavors: r-devel-linux-x86_64-debian-clang, r-devel-linux-x86_64-debian-gcc
Version: 1.15.30
Check: installed package size
Result: NOTE
installed size is 11.6Mb
sub-directories of 1Mb or more:
R 3.1Mb
libs 7.4Mb
Flavors: r-oldrel-macos-arm64, r-oldrel-macos-x86_64