Last updated on 2025-10-24 18:50:13 CEST.
| Flavor | Version | Tinstall | Tcheck | Ttotal | Status | Flags |
|---|---|---|---|---|---|---|
| r-devel-linux-x86_64-debian-clang | 0.1.0 | 1.93 | 22.58 | 24.51 | NOTE | |
| r-devel-linux-x86_64-debian-gcc | 0.1.0 | 1.40 | 18.80 | 20.20 | NOTE | |
| r-devel-linux-x86_64-fedora-clang | 0.1.0 | 36.72 | NOTE | |||
| r-devel-linux-x86_64-fedora-gcc | 0.1.0 | 33.30 | NOTE | |||
| r-devel-windows-x86_64 | 0.1.0 | 3.00 | 40.00 | 43.00 | NOTE | |
| r-patched-linux-x86_64 | 0.1.0 | 1.55 | 20.64 | 22.19 | NOTE | |
| r-release-linux-x86_64 | 0.1.0 | 1.33 | 20.55 | 21.88 | NOTE | |
| r-release-macos-arm64 | 0.1.0 | 1.00 | 17.00 | 18.00 | NOTE | |
| r-release-macos-x86_64 | 0.1.0 | 2.00 | 33.00 | 35.00 | NOTE | |
| r-release-windows-x86_64 | 0.1.0 | 4.00 | 42.00 | 46.00 | NOTE | |
| r-oldrel-macos-arm64 | 0.1.0 | 1.00 | 14.00 | 15.00 | OK | |
| r-oldrel-macos-x86_64 | 0.1.0 | 2.00 | 21.00 | 23.00 | OK | |
| r-oldrel-windows-x86_64 | 0.1.0 | 5.00 | 48.00 | 53.00 | OK |
Version: 0.1.0
Check: DESCRIPTION meta-information
Result: NOTE
Missing dependency on R >= 4.1.0 because package code uses the pipe
|> or function shorthand \(...) syntax added in R 4.1.0.
File(s) using such syntax:
‘cache_report.R’ ‘list_deposit.R’
Flavors: r-devel-linux-x86_64-debian-clang, r-devel-linux-x86_64-debian-gcc, r-devel-linux-x86_64-fedora-clang, r-devel-linux-x86_64-fedora-gcc, r-devel-windows-x86_64, r-patched-linux-x86_64, r-release-linux-x86_64, r-release-macos-arm64, r-release-macos-x86_64, r-release-windows-x86_64