CRAN Package Check Results for Package zipfextR

Last updated on 2025-10-21 17:50:09 CEST.

Flavor Version Tinstall Tcheck Ttotal Status Flags
r-devel-linux-x86_64-debian-clang 1.0.2 9.51 83.74 93.25 NOTE
r-devel-linux-x86_64-debian-gcc 1.0.2 7.10 57.56 64.66 NOTE
r-devel-linux-x86_64-fedora-clang 1.0.2 45.00 104.19 149.19 OK
r-devel-linux-x86_64-fedora-gcc 1.0.2 18.00 115.42 133.42 OK
r-devel-windows-x86_64 1.0.2 11.00 98.00 109.00 OK
r-patched-linux-x86_64 1.0.2 9.81 79.38 89.19 OK
r-release-linux-x86_64 1.0.2 8.69 79.51 88.20 OK
r-release-macos-arm64 1.0.2 4.00 39.00 43.00 OK
r-release-macos-x86_64 1.0.2 9.00 67.00 76.00 OK
r-release-windows-x86_64 1.0.2 10.00 100.00 110.00 OK
r-oldrel-macos-arm64 1.0.2 5.00 39.00 44.00 NOTE
r-oldrel-macos-x86_64 1.0.2 6.00 53.00 59.00 NOTE
r-oldrel-windows-x86_64 1.0.2 14.00 121.00 135.00 NOTE

Check Details

Version: 1.0.2
Check: CRAN incoming feasibility
Result: NOTE Maintainer: ‘Ariel Duarte-López <aduarte@ac.upc.edu>’ The Description field contains (2013) <arXiv:1304.4540>, the Zipf-Poisson Extreme (Zipf-PE), the Please refer to arXiv e-prints via their arXiv DOI <doi:10.48550/arXiv.YYMM.NNNNN>. Flavors: r-devel-linux-x86_64-debian-clang, r-devel-linux-x86_64-debian-gcc

Version: 1.0.2
Check: LazyData
Result: NOTE 'LazyData' is specified without a 'data' directory Flavors: r-oldrel-macos-arm64, r-oldrel-macos-x86_64, r-oldrel-windows-x86_64