Last updated on 2025-10-22 11:51:31 CEST.
Flavor | Version | Tinstall | Tcheck | Ttotal | Status | Flags |
---|---|---|---|---|---|---|
r-devel-linux-x86_64-debian-clang | 1.1.0 | 2.45 | 82.07 | 84.52 | NOTE | |
r-devel-linux-x86_64-debian-gcc | 1.1.0 | 1.94 | 53.85 | 55.79 | NOTE | |
r-devel-linux-x86_64-fedora-clang | 1.1.0 | 12.00 | 136.93 | 148.93 | OK | |
r-devel-linux-x86_64-fedora-gcc | 1.1.0 | 146.56 | OK | |||
r-devel-windows-x86_64 | 1.1.0 | 5.00 | 98.00 | 103.00 | OK | |
r-patched-linux-x86_64 | 1.1.0 | 3.17 | 75.42 | 78.59 | OK | |
r-release-linux-x86_64 | 1.1.0 | 2.41 | 75.94 | 78.35 | OK | |
r-release-macos-arm64 | 1.1.0 | 1.00 | 54.00 | 55.00 | OK | |
r-release-macos-x86_64 | 1.1.0 | 2.00 | 98.00 | 100.00 | OK | |
r-release-windows-x86_64 | 1.1.0 | 4.00 | 102.00 | 106.00 | OK | |
r-oldrel-macos-arm64 | 1.1.0 | 2.00 | 41.00 | 43.00 | OK | |
r-oldrel-macos-x86_64 | 1.1.0 | 2.00 | 73.00 | 75.00 | OK | |
r-oldrel-windows-x86_64 | 1.1.0 | 5.00 | 117.00 | 122.00 | OK |
Version: 1.1.0
Check: CRAN incoming feasibility
Result: NOTE
Maintainer: ‘Jose M Pozo <josmpozo@gmail.com>’
Package CITATION file contains call(s) to old-style citEntry(). Please
use bibentry() instead.
Flavors: r-devel-linux-x86_64-debian-clang, r-devel-linux-x86_64-debian-gcc