Last updated on 2025-10-21 11:53:45 CEST.
Flavor | Version | Tinstall | Tcheck | Ttotal | Status | Flags |
---|---|---|---|---|---|---|
r-devel-linux-x86_64-debian-clang | 0.4.0 | 6.04 | 47.90 | 53.94 | NOTE | |
r-devel-linux-x86_64-debian-gcc | 0.4.0 | 4.33 | 33.95 | 38.28 | NOTE | |
r-devel-linux-x86_64-fedora-clang | 0.4.0 | 87.69 | OK | |||
r-devel-linux-x86_64-fedora-gcc | 0.4.0 | 12.00 | 63.71 | 75.71 | OK | |
r-devel-windows-x86_64 | 0.4.0 | 7.00 | 67.00 | 74.00 | OK | |
r-patched-linux-x86_64 | 0.4.0 | 6.46 | 43.53 | 49.99 | OK | |
r-release-linux-x86_64 | 0.4.0 | 5.74 | 44.22 | 49.96 | OK | |
r-release-macos-arm64 | 0.4.0 | 28.00 | OK | |||
r-release-macos-x86_64 | 0.4.0 | 5.00 | 40.00 | 45.00 | OK | |
r-release-windows-x86_64 | 0.4.0 | 7.00 | 69.00 | 76.00 | OK | |
r-oldrel-macos-arm64 | 0.4.0 | 38.00 | OK | |||
r-oldrel-macos-x86_64 | 0.4.0 | 47.00 | OK | |||
r-oldrel-windows-x86_64 | 0.4.0 | 10.00 | 76.00 | 86.00 | OK |
Version: 0.4.0
Check: HTML version of manual
Result: NOTE
Found the following HTML validation problems:
get_access_token.html:54:1 (get_access_token.Rd:14): Warning: missing </ul> before </div>
zoom_api_request.html:62:1 (zoom_api_request.Rd:22): Warning: missing </ul> before </div>
zoom_response_codes.html:46:1 (zoom_response_codes.Rd:10): Warning: missing </ul> before </div>
Flavors: r-devel-linux-x86_64-debian-clang, r-devel-linux-x86_64-debian-gcc