Last updated on 2025-04-29 13:51:15 CEST.
Flavor | Version | Tinstall | Tcheck | Ttotal | Status | Flags |
---|---|---|---|---|---|---|
r-devel-linux-x86_64-debian-clang | 1.1.0 | 7.40 | 54.91 | 62.31 | NOTE | |
r-devel-linux-x86_64-debian-gcc | 1.1.0 | 4.65 | 37.27 | 41.92 | NOTE | |
r-devel-linux-x86_64-fedora-clang | 1.1.0 | 90.03 | NOTE | |||
r-devel-linux-x86_64-fedora-gcc | 1.1.0 | 78.13 | NOTE | |||
r-devel-windows-x86_64 | 1.1.0 | 8.00 | 85.00 | 93.00 | NOTE | |
r-patched-linux-x86_64 | 1.1.0 | 6.49 | 49.53 | 56.02 | NOTE | |
r-release-linux-x86_64 | 1.1.0 | 6.79 | 50.12 | 56.91 | NOTE | |
r-release-macos-arm64 | 1.1.0 | 26.00 | NOTE | |||
r-release-macos-x86_64 | 1.1.0 | 43.00 | NOTE | |||
r-release-windows-x86_64 | 1.1.0 | 8.00 | 71.00 | 79.00 | NOTE | |
r-oldrel-macos-arm64 | 1.1.0 | 28.00 | NOTE | |||
r-oldrel-macos-x86_64 | 1.1.0 | 41.00 | NOTE | |||
r-oldrel-windows-x86_64 | 1.1.0 | 11.00 | 80.00 | 91.00 | NOTE |
Version: 1.1.0
Check: CRAN incoming feasibility
Result: NOTE
Maintainer: ‘Michael Kleinsasser <mkleinsa@umich.edu>’
The Description field contains
<arXiv:2007.02266>.
Please refer to arXiv e-prints via their arXiv DOI <doi:10.48550/arXiv.YYMM.NNNNN>.
Flavors: r-devel-linux-x86_64-debian-clang, r-devel-linux-x86_64-debian-gcc
Version: 1.1.0
Check: Rd files
Result: NOTE
checkRd: (-1) count_cases.Rd:49: Lost braces in \itemize; \value handles \item{}{} directly
checkRd: (-1) count_cases.Rd:50: Lost braces in \itemize; \value handles \item{}{} directly
checkRd: (-1) count_cases.Rd:51: Lost braces in \itemize; \value handles \item{}{} directly
checkRd: (-1) count_cases.Rd:52: Lost braces in \itemize; \value handles \item{}{} directly
checkRd: (-1) count_cases.Rd:53: Lost braces in \itemize; \value handles \item{}{} directly
checkRd: (-1) enrich.Rd:75: Lost braces in \itemize; \value handles \item{}{} directly
checkRd: (-1) enrich.Rd:76: Lost braces in \itemize; \value handles \item{}{} directly
checkRd: (-1) enrich.Rd:77: Lost braces in \itemize; \value handles \item{}{} directly
checkRd: (-1) enrich.Rd:78: Lost braces in \itemize; \value handles \item{}{} directly
checkRd: (-1) enrich.Rd:83: Lost braces in \itemize; \value handles \item{}{} directly
checkRd: (-1) enrich.Rd:84: Lost braces in \itemize; \value handles \item{}{} directly
checkRd: (-1) enrich.Rd:85: Lost braces in \itemize; \value handles \item{}{} directly
checkRd: (-1) enrich.Rd:86: Lost braces in \itemize; \value handles \item{}{} directly
checkRd: (-1) enrich.Rd:87: Lost braces in \itemize; \value handles \item{}{} directly
checkRd: (-1) enrich.Rd:88: Lost braces in \itemize; \value handles \item{}{} directly
Flavors: r-devel-linux-x86_64-debian-clang, r-devel-linux-x86_64-debian-gcc, r-devel-linux-x86_64-fedora-clang, r-devel-linux-x86_64-fedora-gcc, r-devel-windows-x86_64, r-patched-linux-x86_64, r-release-linux-x86_64, r-release-macos-arm64, r-release-macos-x86_64, r-release-windows-x86_64, r-oldrel-macos-arm64, r-oldrel-macos-x86_64, r-oldrel-windows-x86_64