Last updated on 2025-11-16 06:49:30 CET.
| Flavor | Version | Tinstall | Tcheck | Ttotal | Status | Flags |
|---|---|---|---|---|---|---|
| r-devel-linux-x86_64-debian-clang | 1.0.1 | 15.66 | 95.73 | 111.39 | OK | |
| r-devel-linux-x86_64-debian-gcc | 1.0.1 | 11.78 | 70.97 | 82.75 | OK | |
| r-devel-linux-x86_64-fedora-clang | 1.0.1 | 38.00 | 135.94 | 173.94 | NOTE | |
| r-devel-linux-x86_64-fedora-gcc | 1.0.1 | 31.00 | 143.54 | 174.54 | NOTE | |
| r-devel-windows-x86_64 | 1.0.1 | 26.00 | 99.00 | 125.00 | OK | |
| r-patched-linux-x86_64 | 1.0.1 | 16.08 | 90.77 | 106.85 | OK | |
| r-release-linux-x86_64 | 1.0.1 | 15.54 | 90.69 | 106.23 | OK | |
| r-release-macos-arm64 | 1.0.1 | 7.00 | 48.00 | 55.00 | OK | |
| r-release-macos-x86_64 | 1.0.1 | 14.00 | 92.00 | 106.00 | OK | |
| r-release-windows-x86_64 | 1.0.1 | 18.00 | 99.00 | 117.00 | OK | |
| r-oldrel-macos-arm64 | 1.0.1 | 8.00 | 47.00 | 55.00 | OK | |
| r-oldrel-macos-x86_64 | 1.0.1 | 11.00 | 78.00 | 89.00 | OK | |
| r-oldrel-windows-x86_64 | 1.0.1 | 23.00 | 129.00 | 152.00 | OK |
Version: 1.0.1
Check: dependencies in R code
Result: NOTE
Namespaces in Imports field not imported from:
‘devtools’ ‘mixexp’
All declared Imports should be used.
Flavors: r-devel-linux-x86_64-fedora-clang, r-devel-linux-x86_64-fedora-gcc