Last updated on 2025-07-08 14:49:31 CEST.
Flavor | Version | Tinstall | Tcheck | Ttotal | Status | Flags |
---|---|---|---|---|---|---|
r-devel-linux-x86_64-debian-clang | 1.0.1 | 16.61 | 97.03 | 113.64 | OK | |
r-devel-linux-x86_64-debian-gcc | 1.0.1 | 11.10 | 71.51 | 82.61 | OK | |
r-devel-linux-x86_64-fedora-clang | 1.0.1 | 178.72 | NOTE | |||
r-devel-linux-x86_64-fedora-gcc | 1.0.1 | 162.01 | NOTE | |||
r-devel-windows-x86_64 | 1.0.1 | 16.00 | 98.00 | 114.00 | OK | |
r-patched-linux-x86_64 | 1.0.1 | 15.19 | 90.34 | 105.53 | OK | |
r-release-linux-x86_64 | 1.0.1 | 14.80 | 88.18 | 102.98 | OK | |
r-release-macos-arm64 | 1.0.1 | 55.00 | OK | |||
r-release-macos-x86_64 | 1.0.1 | 106.00 | OK | |||
r-release-windows-x86_64 | 1.0.1 | 18.00 | 100.00 | 118.00 | OK | |
r-oldrel-macos-arm64 | 1.0.1 | 55.00 | OK | |||
r-oldrel-macos-x86_64 | 1.0.1 | 89.00 | OK | |||
r-oldrel-windows-x86_64 | 1.0.1 | 23.00 | 127.00 | 150.00 | OK |
Version: 1.0.1
Check: dependencies in R code
Result: NOTE
Namespaces in Imports field not imported from:
‘devtools’ ‘mixexp’
All declared Imports should be used.
Flavors: r-devel-linux-x86_64-fedora-clang, r-devel-linux-x86_64-fedora-gcc