Last updated on 2024-07-13 05:49:07 CEST.
Flavor | Version | Tinstall | Tcheck | Ttotal | Status | Flags |
---|---|---|---|---|---|---|
r-devel-linux-x86_64-debian-clang | 0.0.2 | 12.96 | 103.49 | 116.45 | OK | |
r-devel-linux-x86_64-debian-gcc | 0.0.2 | 9.11 | 75.83 | 84.94 | OK | |
r-devel-linux-x86_64-fedora-clang | 0.0.2 | 144.30 | OK | |||
r-devel-linux-x86_64-fedora-gcc | 0.0.2 | 141.24 | OK | |||
r-devel-windows-x86_64 | 0.0.2 | 11.00 | 101.00 | 112.00 | NOTE | |
r-patched-linux-x86_64 | 0.0.2 | 18.91 | 104.90 | 123.81 | OK | |
r-release-linux-x86_64 | 0.0.2 | 7.22 | 107.97 | 115.19 | OK | |
r-release-macos-arm64 | 0.0.2 | 50.00 | OK | |||
r-release-macos-x86_64 | 0.0.2 | 70.00 | OK | |||
r-release-windows-x86_64 | 0.0.2 | 11.00 | 107.00 | 118.00 | OK | |
r-oldrel-macos-arm64 | 0.0.2 | 51.00 | OK | |||
r-oldrel-macos-x86_64 | 0.0.2 | 94.00 | OK | |||
r-oldrel-windows-x86_64 | 0.0.2 | 14.00 | 129.00 | 143.00 | OK |
Version: 0.0.2
Check: Rd cross-references
Result: NOTE
Found the following Rd file(s) with Rd \link{} targets missing package
anchors:
AICc_permanova2.Rd: adonis2
fit_models.Rd: vegdist, adonis2
Please provide package anchors for all Rd \link{} targets not in the
package itself and the base packages.
Flavor: r-devel-windows-x86_64