Last updated on 2025-11-16 06:49:30 CET.
| Flavor | Version | Tinstall | Tcheck | Ttotal | Status | Flags |
|---|---|---|---|---|---|---|
| r-devel-linux-x86_64-debian-clang | 2.4.0 | 345.23 | 80.96 | 426.19 | OK | |
| r-devel-linux-x86_64-debian-gcc | 2.4.0 | 234.15 | 55.74 | 289.89 | OK | |
| r-devel-linux-x86_64-fedora-clang | 2.4.0 | 263.00 | 466.37 | 729.37 | OK | |
| r-devel-linux-x86_64-fedora-gcc | 2.4.0 | 206.00 | 518.68 | 724.68 | OK | |
| r-devel-windows-x86_64 | 2.4.0 | 351.00 | 176.00 | 527.00 | OK | |
| r-patched-linux-x86_64 | 2.4.0 | 321.00 | 74.61 | 395.61 | OK | |
| r-release-linux-x86_64 | 2.4.0 | 328.97 | 74.95 | 403.92 | OK | |
| r-release-macos-arm64 | 2.4.0 | 193.00 | 83.00 | 276.00 | OK | |
| r-release-macos-x86_64 | 2.4.0 | 152.00 | 72.00 | 224.00 | OK | |
| r-release-windows-x86_64 | 2.4.0 | 316.00 | 117.00 | 433.00 | OK | |
| r-oldrel-macos-arm64 | 2.4.0 | 157.00 | 40.00 | 197.00 | NOTE | |
| r-oldrel-macos-x86_64 | 2.4.0 | 139.00 | 73.00 | 212.00 | NOTE | |
| r-oldrel-windows-x86_64 | 2.4.0 | 382.00 | 149.00 | 531.00 | OK |
Version: 2.4.0
Check: installed package size
Result: NOTE
installed size is 29.6Mb
sub-directories of 1Mb or more:
cereal 1.4Mb
libs 28.1Mb
Flavors: r-oldrel-macos-arm64, r-oldrel-macos-x86_64