CRAN Package Check Results for Package ANOFA

Last updated on 2025-11-16 18:49:24 CET.

Flavor Version Tinstall Tcheck Ttotal Status Flags
r-devel-linux-x86_64-debian-clang 0.1.3 3.57 63.09 66.66 NOTE
r-devel-linux-x86_64-debian-gcc 0.1.3 2.95 47.36 50.31 NOTE
r-devel-linux-x86_64-fedora-clang 0.1.3 106.01 NOTE
r-devel-linux-x86_64-fedora-gcc 0.1.3 114.12 NOTE
r-devel-windows-x86_64 0.1.3 9.00 79.00 88.00 NOTE
r-patched-linux-x86_64 0.1.3 3.94 58.30 62.24 NOTE
r-release-linux-x86_64 0.1.3 2.91 59.37 62.28 NOTE
r-release-macos-arm64 0.1.3 2.00 39.00 41.00 NOTE
r-release-macos-x86_64 0.1.3 3.00 71.00 74.00 NOTE
r-release-windows-x86_64 0.1.3 6.00 77.00 83.00 NOTE
r-oldrel-macos-arm64 0.1.3 2.00 38.00 40.00 OK
r-oldrel-macos-x86_64 0.1.3 4.00 63.00 67.00 OK
r-oldrel-windows-x86_64 0.1.3 8.00 95.00 103.00 OK

Check Details

Version: 0.1.3
Check: DESCRIPTION meta-information
Result: NOTE Missing dependency on R >= 4.1.0 because package code uses the pipe |> or function shorthand \(...) syntax added in R 4.1.0. File(s) using such syntax: ‘ANOFA-contrastFrequencies.R’ ‘ANOFA-emFrequencies.R’ Flavors: r-devel-linux-x86_64-debian-clang, r-devel-linux-x86_64-debian-gcc, r-devel-linux-x86_64-fedora-clang, r-devel-linux-x86_64-fedora-gcc, r-devel-windows-x86_64, r-patched-linux-x86_64, r-release-linux-x86_64, r-release-macos-arm64, r-release-macos-x86_64, r-release-windows-x86_64

Version: 0.1.3
Check: CRAN incoming feasibility
Result: NOTE Maintainer: ‘Denis Cousineau <denis.cousineau@uottawa.ca>’ The BugReports field in DESCRIPTION has https://github.com/dcousin3/ANOFA/issues/ which should likely be https://github.com/dcousin3/ANOFA/issues/issues instead. Flavor: r-devel-linux-x86_64-debian-gcc