Last updated on 2025-04-29 13:51:16 CEST.
Flavor | Version | Tinstall | Tcheck | Ttotal | Status | Flags |
---|---|---|---|---|---|---|
r-devel-linux-x86_64-debian-clang | 1.0 | 1.91 | 73.15 | 75.06 | NOTE | |
r-devel-linux-x86_64-debian-gcc | 1.0 | 1.56 | 44.87 | 46.43 | NOTE | |
r-devel-linux-x86_64-fedora-clang | 1.0 | 123.39 | OK | |||
r-devel-linux-x86_64-fedora-gcc | 1.0 | 109.41 | OK | |||
r-devel-windows-x86_64 | 1.0 | 3.00 | 75.00 | 78.00 | OK | |
r-patched-linux-x86_64 | 1.0 | 2.22 | 68.43 | 70.65 | OK | |
r-release-linux-x86_64 | 1.0 | 1.92 | 66.15 | 68.07 | OK | |
r-release-macos-arm64 | 1.0 | 33.00 | OK | |||
r-release-macos-x86_64 | 1.0 | 73.00 | OK | |||
r-release-windows-x86_64 | 1.0 | 4.00 | 75.00 | 79.00 | OK | |
r-oldrel-macos-arm64 | 1.0 | 36.00 | OK | |||
r-oldrel-macos-x86_64 | 1.0 | 48.00 | OK | |||
r-oldrel-windows-x86_64 | 1.0 | 4.00 | 73.00 | 77.00 | OK |
Version: 1.0
Check: CRAN incoming feasibility
Result: NOTE
Maintainer: ‘Arden Miller <a.miller@auckland.ac.nz>’
No Authors@R field in DESCRIPTION.
Please add one, modifying
Authors@R: c(person(given = "Arden",
family = "Miller",
role = c("aut", "cre"),
email = "a.miller@auckland.ac.nz"),
person(given = c("Abu", "Zar", "Md."),
family = "Shafiullah.",
role = "aut"))
as necessary.
Flavors: r-devel-linux-x86_64-debian-clang, r-devel-linux-x86_64-debian-gcc
Version: 1.0
Check: examples
Result: NOTE
Examples with CPU (user + system) or elapsed time > 5s
user system elapsed
IERpenalties 10.896 0.000 14.306
apc 8.224 0.008 10.298
summary.apc 7.900 0.004 9.073
FDRpenalties 7.839 0.000 9.402
plot.apc 7.751 0.000 9.842
EERpenalties 6.307 0.000 7.716
APCanalysis-package 5.134 0.025 6.099
Flavor: r-devel-linux-x86_64-debian-clang
Version: 1.0
Check: examples
Result: NOTE
Examples with CPU (user + system) or elapsed time > 5s
user system elapsed
summary.apc 6.310 0.003 7.209
IERpenalties 4.806 0.012 5.678
plot.apc 4.481 0.000 5.338
apc 4.165 0.016 5.178
Flavor: r-devel-linux-x86_64-debian-gcc