Last updated on 2025-11-16 00:48:24 CET.
| Flavor | Version | Tinstall | Tcheck | Ttotal | Status | Flags |
|---|---|---|---|---|---|---|
| r-devel-linux-x86_64-debian-clang | 0.1.2 | 23.81 | 110.93 | 134.74 | OK | |
| r-devel-linux-x86_64-debian-gcc | 0.1.2 | 15.86 | 80.35 | 96.21 | NOTE | |
| r-devel-linux-x86_64-fedora-clang | 0.1.2 | 63.00 | 158.02 | 221.02 | OK | |
| r-devel-linux-x86_64-fedora-gcc | 0.1.2 | 43.00 | 178.70 | 221.70 | OK | |
| r-devel-windows-x86_64 | 0.1.2 | 37.00 | 137.00 | 174.00 | OK | |
| r-patched-linux-x86_64 | 0.1.2 | 22.48 | 105.96 | 128.44 | OK | |
| r-release-linux-x86_64 | 0.1.2 | 22.28 | 105.20 | 127.48 | OK | |
| r-release-macos-arm64 | 0.1.2 | 9.00 | 51.00 | 60.00 | OK | |
| r-release-macos-x86_64 | 0.1.2 | 17.00 | 100.00 | 117.00 | OK | |
| r-release-windows-x86_64 | 0.1.2 | 31.00 | 152.00 | 183.00 | OK | |
| r-oldrel-macos-arm64 | 0.1.2 | 11.00 | 56.00 | 67.00 | OK | |
| r-oldrel-macos-x86_64 | 0.1.2 | 13.00 | 80.00 | 93.00 | OK | |
| r-oldrel-windows-x86_64 | 0.1.2 | 37.00 | 178.00 | 215.00 | OK |
Version: 0.1.2
Check: CRAN incoming feasibility
Result: NOTE
Maintainer: ‘Pedro Rafael D. Marinho <pedro.rafael.marinho@gmail.com>’
The BugReports field in DESCRIPTION has
https://github.com/prdm0/AcceptReject/issues/
which should likely be
https://github.com/prdm0/AcceptReject/issues/issues
instead.
Flavor: r-devel-linux-x86_64-debian-gcc