Last updated on 2024-07-13 05:49:07 CEST.
Flavor | Version | Tinstall | Tcheck | Ttotal | Status | Flags |
---|---|---|---|---|---|---|
r-devel-linux-x86_64-debian-clang | 0.1.4.4 | 316.86 | 258.63 | 575.49 | NOTE | |
r-devel-linux-x86_64-debian-gcc | 0.1.4.4 | 226.96 | 180.06 | 407.02 | NOTE | |
r-devel-linux-x86_64-fedora-clang | 0.1.4.4 | 771.91 | NOTE | |||
r-devel-linux-x86_64-fedora-gcc | 0.1.4.4 | 812.50 | NOTE | |||
r-devel-windows-x86_64 | 0.1.4.4 | 219.00 | 223.00 | 442.00 | NOTE | |
r-patched-linux-x86_64 | 0.1.4.4 | 259.67 | 237.64 | 497.31 | NOTE | |
r-release-linux-x86_64 | 0.1.4.4 | 256.87 | 239.08 | 495.95 | NOTE | |
r-release-macos-arm64 | 0.1.4.4 | 157.00 | NOTE | |||
r-release-macos-x86_64 | 0.1.4.4 | 197.00 | NOTE | |||
r-release-windows-x86_64 | 0.1.4.4 | 228.00 | 233.00 | 461.00 | NOTE | |
r-oldrel-macos-arm64 | 0.1.4.4 | 198.00 | NOTE | |||
r-oldrel-macos-x86_64 | 0.1.4.4 | 338.00 | NOTE | |||
r-oldrel-windows-x86_64 | 0.1.4.4 | 273.00 | 296.00 | 569.00 | NOTE |
Version: 0.1.4.4
Check: C++ specification
Result: NOTE
Specified C++11: please drop specification unless essential
Flavors: r-devel-linux-x86_64-debian-clang, r-devel-linux-x86_64-debian-gcc, r-devel-linux-x86_64-fedora-clang, r-devel-linux-x86_64-fedora-gcc, r-devel-windows-x86_64, r-patched-linux-x86_64, r-release-linux-x86_64, r-release-macos-arm64, r-release-macos-x86_64, r-release-windows-x86_64, r-oldrel-macos-arm64, r-oldrel-macos-x86_64, r-oldrel-windows-x86_64
Version: 0.1.4.4
Check: LazyData
Result: NOTE
'LazyData' is specified without a 'data' directory
Flavors: r-devel-linux-x86_64-debian-clang, r-devel-linux-x86_64-debian-gcc, r-devel-linux-x86_64-fedora-clang, r-devel-linux-x86_64-fedora-gcc, r-devel-windows-x86_64, r-patched-linux-x86_64, r-release-linux-x86_64, r-release-macos-arm64, r-release-macos-x86_64, r-release-windows-x86_64, r-oldrel-macos-arm64, r-oldrel-macos-x86_64, r-oldrel-windows-x86_64
Version: 0.1.4.4
Check: installed package size
Result: NOTE
installed size is 24.7Mb
sub-directories of 1Mb or more:
libs 23.2Mb
Flavors: r-release-macos-arm64, r-release-macos-x86_64, r-oldrel-macos-arm64, r-oldrel-macos-x86_64