Last updated on 2025-11-16 18:49:24 CET.
| Flavor | Version | Tinstall | Tcheck | Ttotal | Status | Flags |
|---|---|---|---|---|---|---|
| r-devel-linux-x86_64-debian-clang | 0.1.5 | 36.00 | 284.52 | 320.52 | OK | |
| r-devel-linux-x86_64-debian-gcc | 0.1.5 | 24.88 | 201.13 | 226.01 | OK | |
| r-devel-linux-x86_64-fedora-clang | 0.1.5 | 167.00 | 375.27 | 542.27 | OK | |
| r-devel-linux-x86_64-fedora-gcc | 0.1.5 | 295.00 | 228.15 | 523.15 | OK | |
| r-devel-windows-x86_64 | 0.1.5 | 39.00 | 255.00 | 294.00 | OK | |
| r-patched-linux-x86_64 | 0.1.5 | 35.87 | 270.32 | 306.19 | OK | |
| r-release-linux-x86_64 | 0.1.5 | 0.31 | 1.68 | 1.99 | ERROR | |
| r-release-macos-arm64 | 0.1.5 | 15.00 | 110.00 | 125.00 | OK | |
| r-release-macos-x86_64 | 0.1.5 | 36.00 | 210.00 | 246.00 | OK | |
| r-release-windows-x86_64 | 0.1.5 | 35.00 | 256.00 | 291.00 | OK | |
| r-oldrel-macos-arm64 | 0.1.5 | 15.00 | 104.00 | 119.00 | OK | |
| r-oldrel-macos-x86_64 | 0.1.5 | 30.00 | 153.00 | 183.00 | OK | |
| r-oldrel-windows-x86_64 | 0.1.5 | 48.00 | 327.00 | 375.00 | OK |
Version: 0.1.5
Check: package dependencies
Result: ERROR
Package required but not available: ‘DESeq2’
See section ‘The DESCRIPTION file’ in the ‘Writing R Extensions’
manual.
Flavor: r-release-linux-x86_64