Last updated on 2025-11-16 12:49:24 CET.
| Flavor | Version | Tinstall | Tcheck | Ttotal | Status | Flags |
|---|---|---|---|---|---|---|
| r-devel-linux-x86_64-debian-clang | 1.1.0 | 12.45 | 130.24 | 142.69 | OK | |
| r-devel-linux-x86_64-debian-gcc | 1.1.0 | 7.32 | 91.24 | 98.56 | OK | |
| r-devel-linux-x86_64-fedora-clang | 1.1.0 | 66.00 | 173.74 | 239.74 | OK | |
| r-devel-linux-x86_64-fedora-gcc | 1.1.0 | 28.00 | 196.91 | 224.91 | OK | |
| r-devel-windows-x86_64 | 1.1.0 | 19.00 | 136.00 | 155.00 | OK | |
| r-patched-linux-x86_64 | 1.1.0 | 12.80 | 122.32 | 135.12 | OK | |
| r-release-linux-x86_64 | 1.1.0 | 11.73 | 122.28 | 134.01 | OK | |
| r-release-macos-arm64 | 1.1.0 | 5.00 | 60.00 | 65.00 | OK | |
| r-release-macos-x86_64 | 1.1.0 | 10.00 | 118.00 | 128.00 | OK | |
| r-release-windows-x86_64 | 1.1.0 | 15.00 | 150.00 | 165.00 | OK | |
| r-oldrel-macos-arm64 | 1.1.0 | 5.00 | 66.00 | 71.00 | OK | |
| r-oldrel-macos-x86_64 | 1.1.0 | 12.00 | ERROR | |||
| r-oldrel-windows-x86_64 | 1.1.0 | 20.00 | 175.00 | 195.00 | OK |
Version: 1.1.0
Check: package dependencies
Result: ERROR
Package required but not available: ‘pwalign’
See section ‘The DESCRIPTION file’ in the ‘Writing R Extensions’
manual.
Flavor: r-oldrel-macos-x86_64