Last updated on 2025-11-16 00:48:25 CET.
| Flavor | Version | Tinstall | Tcheck | Ttotal | Status | Flags |
|---|---|---|---|---|---|---|
| r-devel-linux-x86_64-debian-clang | 2.1.0 | 8.76 | 111.97 | 120.73 | OK | |
| r-devel-linux-x86_64-debian-gcc | 2.1.0 | 5.39 | 86.77 | 92.16 | OK | |
| r-devel-linux-x86_64-fedora-clang | 2.1.0 | 21.00 | 178.09 | 199.09 | OK | |
| r-devel-linux-x86_64-fedora-gcc | 2.1.0 | 19.00 | 179.91 | 198.91 | OK | |
| r-devel-windows-x86_64 | 2.1.0 | 13.00 | 136.00 | 149.00 | OK | |
| r-patched-linux-x86_64 | 2.1.0 | 11.66 | 109.38 | 121.04 | OK | |
| r-release-linux-x86_64 | 2.1.0 | 9.32 | 105.63 | 114.95 | OK | |
| r-release-macos-arm64 | 2.1.0 | 4.00 | 54.00 | 58.00 | OK | |
| r-release-macos-x86_64 | 2.1.0 | 23.00 | 225.00 | 248.00 | OK | |
| r-release-windows-x86_64 | 2.1.0 | 10.00 | 133.00 | 143.00 | OK | |
| r-oldrel-macos-arm64 | 2.1.0 | 6.00 | 102.00 | 108.00 | NOTE | |
| r-oldrel-macos-x86_64 | 2.1.0 | 16.00 | 257.00 | 273.00 | NOTE | |
| r-oldrel-windows-x86_64 | 2.1.0 | 14.00 | 154.00 | 168.00 | NOTE |
Version: 2.1.0
Check: package dependencies
Result: NOTE
Package suggested but not available for checking: ‘ArchaeoData’
Flavors: r-oldrel-macos-arm64, r-oldrel-macos-x86_64, r-oldrel-windows-x86_64