Last updated on 2024-06-27 16:48:59 CEST.
Flavor | Version | Tinstall | Tcheck | Ttotal | Status | Flags |
---|---|---|---|---|---|---|
r-devel-linux-x86_64-debian-clang | 2.0 | NOTE | ||||
r-devel-linux-x86_64-debian-gcc | 2.0 | 8.48 | 92.23 | 100.71 | NOTE | |
r-devel-linux-x86_64-fedora-clang | 2.0 | 171.34 | NOTE | |||
r-devel-linux-x86_64-fedora-gcc | 2.0 | 172.35 | NOTE | |||
r-devel-windows-x86_64 | 2.0 | 10.00 | 121.00 | 131.00 | NOTE | |
r-patched-linux-x86_64 | 2.0 | 11.82 | 115.83 | 127.65 | NOTE | |
r-release-linux-x86_64 | 2.0 | 11.18 | 119.42 | 130.60 | NOTE | |
r-release-macos-arm64 | 2.0 | 70.00 | NOTE | |||
r-release-macos-x86_64 | 2.0 | 176.00 | NOTE | |||
r-release-windows-x86_64 | 2.0 | 15.00 | 136.00 | 151.00 | NOTE | |
r-oldrel-macos-arm64 | 2.0 | 69.00 | WARN | |||
r-oldrel-macos-x86_64 | 2.0 | 154.00 | WARN | |||
r-oldrel-windows-x86_64 | 2.0 | 12.00 | 138.00 | 150.00 | WARN |
Version: 2.0
Check: package dependencies
Result: NOTE
Package suggested but not available for checking: ‘ArchaeoData’
Flavors: r-devel-linux-x86_64-debian-clang, r-devel-linux-x86_64-debian-gcc, r-devel-linux-x86_64-fedora-clang, r-devel-linux-x86_64-fedora-gcc, r-devel-windows-x86_64, r-patched-linux-x86_64, r-release-linux-x86_64, r-release-macos-arm64, r-release-macos-x86_64, r-release-windows-x86_64, r-oldrel-macos-arm64, r-oldrel-macos-x86_64, r-oldrel-windows-x86_64
Version: 2.0
Check: Rd cross-references
Result: NOTE
Undeclared package ‘digest’ in Rd xrefs
Flavor: r-devel-linux-x86_64-fedora-clang
Version: 2.0
Check: whether package can be installed
Result: WARN
Found the following significant warnings:
Warning: read_bcal.Rd:27: unknown macro '\abbr'
Warning: read_chronomodel.Rd:36: unknown macro '\abbr'
Warning: read_oxcal.Rd:27: unknown macro '\abbr'
Flavors: r-oldrel-macos-arm64, r-oldrel-macos-x86_64, r-oldrel-windows-x86_64
Version: 2.0
Check: Rd files
Result: WARN
prepare_Rd: read_bcal.Rd:27: unknown macro '\abbr'
prepare_Rd: read_chronomodel.Rd:36: unknown macro '\abbr'
prepare_Rd: read_oxcal.Rd:27: unknown macro '\abbr'
Flavors: r-oldrel-macos-arm64, r-oldrel-macos-x86_64, r-oldrel-windows-x86_64