Last updated on 2025-11-16 12:49:24 CET.
| Flavor | Version | Tinstall | Tcheck | Ttotal | Status | Flags |
|---|---|---|---|---|---|---|
| r-devel-linux-x86_64-debian-clang | 1.1.3 | 7.30 | 58.54 | 65.84 | OK | |
| r-devel-linux-x86_64-debian-gcc | 1.1.3 | 4.86 | 42.52 | 47.38 | OK | |
| r-devel-linux-x86_64-fedora-clang | 1.1.3 | 27.00 | 74.77 | 101.77 | NOTE | |
| r-devel-linux-x86_64-fedora-gcc | 1.1.3 | 25.00 | 74.32 | 99.32 | NOTE | |
| r-devel-windows-x86_64 | 1.1.3 | 10.00 | 96.00 | 106.00 | OK | |
| r-patched-linux-x86_64 | 1.1.2 | 2.49 | 18.69 | 21.18 | OK | |
| r-release-linux-x86_64 | 1.1.3 | 6.06 | 53.32 | 59.38 | OK | |
| r-release-macos-arm64 | 1.1.3 | 3.00 | 27.00 | 30.00 | OK | |
| r-release-macos-x86_64 | 1.1.3 | 6.00 | 58.00 | 64.00 | OK | |
| r-release-windows-x86_64 | 1.1.3 | 11.00 | 89.00 | 100.00 | OK | |
| r-oldrel-macos-arm64 | 1.1.3 | 2.00 | 31.00 | 33.00 | OK | |
| r-oldrel-macos-x86_64 | 1.1.3 | 6.00 | 61.00 | 67.00 | OK | |
| r-oldrel-windows-x86_64 | 1.1.3 | 10.00 | 89.00 | 99.00 | OK |
Version: 1.1.3
Check: dependencies in R code
Result: NOTE
Namespaces in Imports field not imported from:
‘DHARMa’ ‘DT’ ‘MASS’ ‘MVN’ ‘bestNormalize’ ‘brglm2’ ‘broom’
‘broom.mixed’ ‘bslib’ ‘car’ ‘coin’ ‘compositions’ ‘correlation’
‘effectsize’ ‘fontawesome’ ‘ggpubr’ ‘glmmTMB’ ‘htmltools’
‘kableExtra’ ‘knitr’ ‘lme4’ ‘lmerTest’ ‘modelbased’ ‘nnet’
‘patchwork’ ‘performance’ ‘see’ ‘shinyBS’ ‘shinyjs’ ‘shinyscreenshot’
‘sjPlot’ ‘tidyverse’
All declared Imports should be used.
Flavors: r-devel-linux-x86_64-fedora-clang, r-devel-linux-x86_64-fedora-gcc