Last updated on 2024-07-13 05:49:08 CEST.
Flavor | Version | Tinstall | Tcheck | Ttotal | Status | Flags |
---|---|---|---|---|---|---|
r-devel-linux-x86_64-debian-clang | 2.2.2 | 5.92 | 42.88 | 48.80 | OK | |
r-devel-linux-x86_64-debian-gcc | 2.2.2 | 5.90 | 32.63 | 38.53 | OK | |
r-devel-linux-x86_64-fedora-clang | 2.2.2 | 65.83 | OK | |||
r-devel-linux-x86_64-fedora-gcc | 2.2.2 | 74.43 | OK | |||
r-devel-windows-x86_64 | 2.2.2 | 8.00 | 59.00 | 67.00 | OK | |
r-patched-linux-x86_64 | 2.2.2 | 8.24 | 42.40 | 50.64 | OK | |
r-release-linux-x86_64 | 2.2.2 | 6.28 | 41.31 | 47.59 | OK | |
r-release-macos-arm64 | 2.2.2 | 28.00 | OK | |||
r-release-macos-x86_64 | 2.2.2 | 60.00 | NOTE | |||
r-release-windows-x86_64 | 2.2.2 | 8.00 | 58.00 | 66.00 | OK | |
r-oldrel-macos-arm64 | 2.2.2 | 28.00 | OK | |||
r-oldrel-macos-x86_64 | 2.2.2 | 43.00 | NOTE | |||
r-oldrel-windows-x86_64 | 2.2.2 | 9.00 | 61.00 | 70.00 | OK |
Version: 2.2.2
Check: package dependencies
Result: NOTE
Package suggested but not available for checking: ‘AzureKeyVault’
Flavors: r-release-macos-x86_64, r-oldrel-macos-x86_64