Last updated on 2025-04-29 13:51:16 CEST.
Flavor | Version | Tinstall | Tcheck | Ttotal | Status | Flags |
---|---|---|---|---|---|---|
r-devel-linux-x86_64-debian-clang | 2.1-0 | 2.28 | 30.07 | 32.35 | NOTE | |
r-devel-linux-x86_64-debian-gcc | 2.1-0 | 1.67 | 24.23 | 25.90 | NOTE | |
r-devel-linux-x86_64-fedora-clang | 2.1-0 | 53.25 | OK | |||
r-devel-linux-x86_64-fedora-gcc | 2.1-0 | 66.55 | OK | |||
r-devel-windows-x86_64 | 2.1-0 | 3.00 | 72.00 | 75.00 | OK | |
r-patched-linux-x86_64 | 2.1-0 | 2.20 | 29.01 | 31.21 | OK | |
r-release-linux-x86_64 | 2.1-0 | 1.91 | 29.29 | 31.20 | OK | |
r-release-macos-arm64 | 2.1-0 | 35.00 | OK | |||
r-release-macos-x86_64 | 2.1-0 | 70.00 | OK | |||
r-release-windows-x86_64 | 2.1-0 | 3.00 | 73.00 | 76.00 | OK | |
r-oldrel-macos-arm64 | 2.1-0 | 30.00 | OK | |||
r-oldrel-macos-x86_64 | 2.1-0 | 92.00 | OK | |||
r-oldrel-windows-x86_64 | 2.1-0 | 5.00 | 72.00 | 77.00 | OK |
Version: 2.1-0
Check: CRAN incoming feasibility
Result: NOTE
Maintainer: ‘Robin K. S. Hankin <hankin.robin@gmail.com>’
No Authors@R field in DESCRIPTION.
Please add one, modifying
Authors@R: person(given = c("Robin", "K.", "S."),
family = "Hankin",
role = c("aut", "cre"),
email = "hankin.robin@gmail.com")
as necessary.
Flavors: r-devel-linux-x86_64-debian-clang, r-devel-linux-x86_64-debian-gcc