Last updated on 2025-04-29 13:51:17 CEST.
Flavor | Version | Tinstall | Tcheck | Ttotal | Status | Flags |
---|---|---|---|---|---|---|
r-devel-linux-x86_64-debian-clang | 2.1.2 | 2.45 | 22.92 | 25.37 | NOTE | |
r-devel-linux-x86_64-debian-gcc | 2.1.2 | 1.87 | 17.86 | 19.73 | NOTE | |
r-devel-linux-x86_64-fedora-clang | 2.1.2 | 39.86 | OK | |||
r-devel-linux-x86_64-fedora-gcc | 2.1.2 | 39.36 | OK | |||
r-devel-windows-x86_64 | 2.1.2 | 4.00 | 43.00 | 47.00 | OK | |
r-patched-linux-x86_64 | 2.1.2 | 2.15 | 21.89 | 24.04 | OK | |
r-release-linux-x86_64 | 2.1.2 | 2.40 | 22.00 | 24.40 | OK | |
r-release-macos-arm64 | 2.1.2 | 16.00 | OK | |||
r-release-macos-x86_64 | 2.1.2 | 26.00 | OK | |||
r-release-windows-x86_64 | 2.1.2 | 4.00 | 43.00 | 47.00 | OK | |
r-oldrel-macos-arm64 | 2.1.2 | 21.00 | OK | |||
r-oldrel-macos-x86_64 | 2.1.2 | 36.00 | OK | |||
r-oldrel-windows-x86_64 | 2.1.2 | 4.00 | 41.00 | 45.00 | OK |
Version: 2.1.2
Check: CRAN incoming feasibility
Result: NOTE
Maintainer: ‘Fanni Zhang <rstatpackages@gmail.com>’
No Authors@R field in DESCRIPTION.
Please add one, modifying
Authors@R: person(given = "Fanni",
family = "Zhang",
role = c("aut", "cre"),
email = "rstatpackages@gmail.com")
as necessary.
Flavors: r-devel-linux-x86_64-debian-clang, r-devel-linux-x86_64-debian-gcc